{"id":1040,"date":"2023-08-29T17:46:53","date_gmt":"2023-08-29T15:46:53","guid":{"rendered":"http:\/\/www.pc73.net\/wpfacplus\/?page_id=1040"},"modified":"2023-09-25T12:09:12","modified_gmt":"2023-09-25T10:09:12","slug":"eni","status":"publish","type":"page","link":"http:\/\/www.pc73.net\/wpfacplus\/eni\/","title":{"rendered":"Eni"},"content":{"rendered":"\n<div class=\"wp-block-cover is-light ticss-2945d55b\"><span aria-hidden=\"true\" class=\"wp-block-cover__background has-background-dim\"><\/span><img loading=\"lazy\" decoding=\"async\" width=\"1902\" height=\"710\" class=\"wp-block-cover__image-background wp-image-1282\" alt=\"\" src=\"http:\/\/www.pc73.net\/wpfacplus\/wp-content\/uploads\/2023\/08\/cert.jpg\" style=\"object-position:81% 33%\" data-object-fit=\"cover\" data-object-position=\"81% 33%\" srcset=\"http:\/\/www.pc73.net\/wpfacplus\/wp-content\/uploads\/2023\/08\/cert.jpg 1902w, http:\/\/www.pc73.net\/wpfacplus\/wp-content\/uploads\/2023\/08\/cert-300x112.jpg 300w, http:\/\/www.pc73.net\/wpfacplus\/wp-content\/uploads\/2023\/08\/cert-1024x382.jpg 1024w, http:\/\/www.pc73.net\/wpfacplus\/wp-content\/uploads\/2023\/08\/cert-768x287.jpg 768w, http:\/\/www.pc73.net\/wpfacplus\/wp-content\/uploads\/2023\/08\/cert-1536x573.jpg 1536w\" sizes=\"auto, (max-width: 1902px) 100vw, 1902px\" \/><div class=\"wp-block-cover__inner-container is-layout-constrained wp-block-cover-is-layout-constrained\">\n<p class=\"has-text-align-center has-large-font-size\"><\/p>\n<\/div><\/div>\n\n\n\n<div style=\"height:50px\" aria-hidden=\"true\" class=\"wp-block-spacer\"><\/div>\n\n\n\n<div id=\"wp-block-themeisle-blocks-advanced-columns-6a5db17d\" class=\"wp-block-themeisle-blocks-advanced-columns has-1-columns has-desktop-equal-layout has-tablet-equal-layout has-mobile-equal-layout has-vertical-unset ticss-061cb4a8\"><div class=\"wp-block-themeisle-blocks-advanced-columns-overlay\"><\/div><div class=\"innerblocks-wrap\">\n<div id=\"wp-block-themeisle-blocks-advanced-column-d43379fa\" class=\"wp-block-themeisle-blocks-advanced-column ticss-d8f4942e\">\n<h2 class=\"wp-block-heading has-neve-link-hover-color-color has-text-color\">La certification ENI &#8211; c&rsquo;est quoi ?<\/h2>\n\n\n\n<p>En tant que salari\u00e9 ou demandeurs d\u2019emploi, si vous souhaitez suivre une&nbsp; formation sur&nbsp;les logiciels de bureautique (excel, word, powerpoint, outlook, access, office 365), syst\u00e8me (windows10&nbsp;et linux), informatique et code (html5 et CSS, PHP, administration syst\u00e8me Linux, r\u00e9seau, maintenance windows10), vous pouvez mobiliser vos heures de formation de votre compte personnel de formation (<a rel=\"noreferrer noopener\" href=\"https:\/\/www.moncompteformation.gouv.fr\/espace-public\/aide\/mon-compte\" target=\"_blank\">CPF<\/a>).\u200b<\/p>\n\n\n\n<p>La condition de son financement d\u00e9pend du nombre d\u2019heures dont vous disposez et de la&nbsp;validation de cette formation par une certification.\u200b<\/p>\n\n\n\n<h3 class=\"wp-block-heading\">Qu&rsquo;est-ce que la certification ENI ?<\/h3>\n\n\n\n<p>La certification ENI est un standard d\u2019\u00e9valuation et de certification des comp\u00e9tences informatiques en bureautique et informatique. Nous sommes centre certifi\u00e9 ENI.\u200b<\/p>\n\n\n\n<p>Il existe une certification ENI pour chacun des logiciels suivant :&nbsp;Excel, Word, Powerpoint, Outlook,&nbsp; Access, Office 365 pour la bureautique. Pour la partie digitale et num\u00e9rique : Windows 10 et linux, r\u00e9seau TCP\/IP, Code&nbsp;HTML5 et CSS3,&nbsp;PHP, SQL.<\/p>\n\n\n\n<h3 class=\"wp-block-heading\">Pourquoi certifier sa formation avec ENI ?<\/h3>\n\n\n\n<p>Les certifications ENI s\u2019adressent aux salari\u00e9s, \u00e9tudiants, et demandeurs d\u2019emploi. Elles leur permettent de&nbsp;valoriser leurs comp\u00e9tences&nbsp;en affichant&nbsp;un score sur 1000 sur leur CV ou dans leurs profils sur les r\u00e9seaux sociaux professionnels. Elles sont adapt\u00e9es \u00e0 tous les niveaux, utilisateurs occasionnels ou experts.<br><br>Les certifications ENI se passent en conditions d\u2019examen dans l\u2019un des centres habilit\u00e9s dont nous faisons parti. Inscrit au R\u00e9pertoire Sp\u00e9cifique de France Comp\u00e9tences, les certifications ENI&nbsp; sont \u00e9ligibles au Compte Personnel de Formation au niveau national. De plus la validit\u00e9 est permanente pour l&rsquo;ensemble des certifications.<\/p>\n\n\n\n<h3 class=\"wp-block-heading\">Comment passer la certification ENI ?<\/h3>\n\n\n\n<h3 class=\"wp-block-heading has-neve-link-color-color has-text-color\">Peu de formalit\u00e9s, beaucoup d&rsquo;efficacit\u00e9\u200b<\/h3>\n\n\n\n<p>Choisissez un centre de test et contactez-le directement pour organiser le passage de votre certification.<\/p>\n\n\n\n<p>Le jour de l\u2019examen, vous \u00eates connect\u00e9 au portail ENI et cr\u00e9ez votre compte en quelques clics.<\/p>\n\n\n\n<h3 class=\"wp-block-heading\">Le jour de l&rsquo;examen\u200b<\/h3>\n\n\n\n<p>Dans le centre de test choisi et sous la surveillance d&rsquo;un examinateur, vous \u00eates install\u00e9 devant un PC.<\/p>\n\n\n\n<p>Le passage de la certification est chronom\u00e9tr\u00e9 : vous disposez de 1 \u00e0 2 heures selon la certification choisie.<\/p>\n\n\n\n<p>Vous acc\u00e9dez directement \u00e0 vos r\u00e9sultats \u00e0 l\u2019issue de l\u2019examen.<\/p>\n\n\n\n<p>Vous recevez par e-mail votre Certificat et vos r\u00e9sultats d\u00e9taill\u00e9s quelques jours apr\u00e8s votre passage.<\/p>\n\n\n\n<h3 class=\"wp-block-heading\">Comprendre son r\u00e9sultat ?<\/h3>\n\n\n\n<p>Vous obtenez un score sur&nbsp;<mark style=\"background-color:rgba(0, 0, 0, 0)\" class=\"has-inline-color has-neve-link-color-color\"><strong>1&nbsp;000&nbsp;points<\/strong><\/mark>, qui indique votre niveau de comp\u00e9tences sur une technologie ou un produit donn\u00e9. Les certifications <mark style=\"background-color:rgba(0, 0, 0, 0)\" class=\"has-inline-color has-neve-link-color-color\"><strong>ENI<\/strong><\/mark> sont sans \u00e9chec.\u200b<\/p>\n\n\n\n<p>Les r\u00e9sultats d\u00e9taill\u00e9s vous permettent d\u2019identifier imm\u00e9diatement vos points forts et vos axes de progression en fonction de vos acquis sur les diff\u00e9rents points-cl\u00e9s de la certification.<\/p>\n\n\n\n<h3 class=\"wp-block-heading\">Quels sont les 2 types de certification ?<\/h3>\n\n\n\n<p class=\"ticss-016af2d8 has-neve-link-color-color has-text-color\">Les certifications techniques :\u200b<\/p>\n\n\n\n<p>Elles se pr\u00e9sentent sous la forme d\u2019un questionnaire \u00e0 choix multiple adaptif avec plusieurs niveaux de questions. Les certifications informatiques techniques sont chronom\u00e9tr\u00e9es et durent environ 2&nbsp;heures. Voici la liste :<\/p>\n\n\n\n<div class=\"wp-block-columns is-layout-flex wp-container-core-columns-is-layout-9d6595d7 wp-block-columns-is-layout-flex\">\n<div class=\"wp-block-column is-layout-flow wp-block-column-is-layout-flow\">\n<figure class=\"wp-block-image size-full is-resized is-style-default\"><img loading=\"lazy\" decoding=\"async\" src=\"http:\/\/www.pc73.net\/wpfacplus\/wp-content\/uploads\/2023\/08\/certif1-min.png\" alt=\"\" class=\"wp-image-1310\" style=\"width:363px;height:241px\" width=\"363\" height=\"241\" srcset=\"http:\/\/www.pc73.net\/wpfacplus\/wp-content\/uploads\/2023\/08\/certif1-min.png 400w, http:\/\/www.pc73.net\/wpfacplus\/wp-content\/uploads\/2023\/08\/certif1-min-300x200.png 300w\" sizes=\"auto, (max-width: 363px) 100vw, 363px\" \/><\/figure>\n<\/div>\n\n\n\n<div class=\"wp-block-column is-layout-flow wp-block-column-is-layout-flow\">\n<ul class=\"wp-block-list\">\n<li>Administration d&rsquo;une base de donn\u00e9es<\/li>\n\n\n\n<li>Administration d&rsquo;un syst\u00e8me LINUX<\/li>\n\n\n\n<li>Automatisation des t\u00e2ches d&rsquo;administration syst\u00e8me \u00e0 l&rsquo;aide de scripts<\/li>\n\n\n\n<li>D\u00e9veloppement de sites web avec HTML5 et CSS<\/li>\n\n\n\n<li>D\u00e9veloppement de sites web dynamiques option PHP<\/li>\n\n\n\n<li>Exploitation d&rsquo;une base de donn\u00e9es avec SQL<\/li>\n\n\n\n<li>Maintenance et support d&rsquo;un poste de travail sous Windows<\/li>\n\n\n\n<li>Mise en \u0153uvre d&rsquo;un r\u00e9seau local TCP\/IP<\/li>\n<\/ul>\n<\/div>\n<\/div>\n\n\n\n<h3 class=\"wp-block-heading has-neve-link-color-color has-text-color\">Les certifications bureautiques&nbsp;<strong>OFFICE<\/strong>&nbsp;:<\/h3>\n\n\n\n<p>Elles se pr\u00e9sentent sous la forme d\u2019un&nbsp;questionnaire \u00e0 <mark style=\"background-color:rgba(0, 0, 0, 0)\" class=\"has-inline-color has-neve-link-color-color\"><strong>choix multiple adaptatif<\/strong>&nbsp;<\/mark>avec plusieurs niveaux de questions.<\/p>\n\n\n\n<p>&nbsp;Elles sont chronom\u00e9tr\u00e9es et durent environ&nbsp;<mark style=\"background-color:rgba(0, 0, 0, 0)\" class=\"has-inline-color has-neve-link-color-color\"><strong>1&nbsp;heure<\/strong>.<\/mark>&nbsp;<\/p>\n\n\n\n<p>Le jour de l&rsquo;examen,&nbsp;<strong>vous pouvez&nbsp;vous entra\u00eener sur quelques questions<\/strong>&nbsp;pour vous familiariser avec l\u2019environnement de l\u2019examen.&nbsp;<\/p>\n\n\n\n<p>70 % de l\u2019\u00e9valuation se fait&nbsp;<strong>en direct dans le logiciel<\/strong>&nbsp;concern\u00e9 par l&rsquo;examen. Vous vous trouvez dans&nbsp;<strong>l&rsquo;environnement r\u00e9el&nbsp;<\/strong>dans lequel vous avez \u00e9t\u00e9 form\u00e9 et o\u00f9 vous avez vos habitudes.&nbsp;<strong>Toutes les manipulations sont prises en compte<\/strong>&nbsp;: clic droit, raccourcis clavier&#8230;&nbsp;<\/p>\n\n\n\n<p>Vous n&rsquo;avez pas besoin d&rsquo;imaginer o\u00f9 vous devez cliquer,&nbsp;<strong>vous le faites tout simplement !&nbsp;\u200b<\/strong><\/p>\n\n\n\n<p class=\"has-neve-link-color-color has-text-color\">Voici la liste des certifications bureautiques :<\/p>\n\n\n\n<div class=\"wp-block-columns is-layout-flex wp-container-core-columns-is-layout-9d6595d7 wp-block-columns-is-layout-flex\">\n<div class=\"wp-block-column is-layout-flow wp-block-column-is-layout-flow\">\n<ul class=\"wp-block-list\">\n<li>Windows 10<\/li>\n\n\n\n<li>Office 365<\/li>\n\n\n\n<li>Excel<\/li>\n\n\n\n<li>Word<\/li>\n\n\n\n<li>Powerpoint<\/li>\n\n\n\n<li>Outlook et access<\/li>\n<\/ul>\n<\/div>\n\n\n\n<div class=\"wp-block-column is-layout-flow wp-block-column-is-layout-flow\">\n<figure class=\"wp-block-image size-full\"><img loading=\"lazy\" decoding=\"async\" width=\"400\" height=\"266\" src=\"http:\/\/www.pc73.net\/wpfacplus\/wp-content\/uploads\/2023\/08\/certif2-min.png\" alt=\"\" class=\"wp-image-1316\" srcset=\"http:\/\/www.pc73.net\/wpfacplus\/wp-content\/uploads\/2023\/08\/certif2-min.png 400w, http:\/\/www.pc73.net\/wpfacplus\/wp-content\/uploads\/2023\/08\/certif2-min-300x200.png 300w\" sizes=\"auto, (max-width: 400px) 100vw, 400px\" \/><\/figure>\n<\/div>\n<\/div>\n\n\n\n<h4 class=\"wp-block-heading has-text-align-center\">Trouver son code pour monter son dossier CPF :<a rel=\"noreferrer noopener\" href=\"https:\/\/www.certifications-eni.com\/fr\/\" target=\"_blank\"><strong>Liste des codes CPF<\/strong><\/a><\/h4>\n\n\n\n<p class=\"has-text-align-center has-small-font-size\">Source : eni certifications<\/p>\n<\/div>\n<\/div><\/div>\n\n\n\n<div style=\"height:50px\" aria-hidden=\"true\" class=\"wp-block-spacer\"><\/div>\n\n\n\n<div class=\"wp-block-group alignfull has-background-color ticss-b6d689f7 has-neve-link-color-background-color has-background has-link-color has-medium-font-size wp-elements-144723183ce5420a6c5303a66ea4297c\" style=\"min-height:40vh;margin-top:0;margin-bottom:0;padding-top:var(--wp--preset--spacing--60);padding-right:var(--wp--preset--spacing--40);padding-bottom:var(--wp--preset--spacing--60);padding-left:var(--wp--preset--spacing--40)\"><div class=\"wp-block-group__inner-container is-layout-constrained wp-container-core-group-is-layout-27c39f3e wp-block-group-is-layout-constrained\">\n<div class=\"wp-block-columns alignwide has-small-font-size is-layout-flex wp-container-core-columns-is-layout-9d6595d7 wp-block-columns-is-layout-flex\">\n<div class=\"wp-block-column ticss-37c2d156 is-layout-flow wp-block-column-is-layout-flow\">\n<p class=\"has-text-align-center has-medium-font-size\">1969 route royale<\/p>\n\n\n\n<p class=\"has-text-align-center has-nv-site-bg-color has-text-color has-large-font-size\">FACPLUS<\/p>\n\n\n\n<p class=\"has-text-align-center has-medium-font-size\">73190 Challes les eaux<\/p>\n\n\n\n<p class=\"has-text-align-center has-nv-site-bg-color has-text-color has-medium-font-size\">Ouverture au public<\/p>\n\n\n\n<p class=\"has-text-align-center has-medium-font-size\">Lundi au vendredi : 9:00 &#8211; 12:00 et 14:00 &#8211; 18:00<\/p>\n\n\n\n<p class=\"has-text-align-center has-medium-font-size\">Lundi matin, vendredi am, samedi matin sur RDV<\/p>\n<\/div>\n\n\n\n<div class=\"wp-block-column ticss-ef63ceff is-layout-flow wp-block-column-is-layout-flow\"><nav class=\"has-text-color has-nv-site-bg-color has-medium-font-size items-justified-center is-vertical wp-block-navigation is-content-justification-center is-layout-flex wp-container-core-navigation-is-layout-9a7cdcfd wp-block-navigation-is-layout-flex\" aria-label=\"web-agency-gb-main-menu\"><ul class=\"wp-block-navigation__container has-text-color has-nv-site-bg-color has-medium-font-size items-justified-center is-vertical wp-block-navigation has-medium-font-size\"><li class=\"has-medium-font-size wp-block-navigation-item menu-item menu-item-type-post_type menu-item-object-page menu-item-home ticss-a9e52769 wp-block-navigation-link\"><a class=\"wp-block-navigation-item__content\"  href=\"http:\/\/www.pc73.net\/wpfacplus\/\" title=\"\"><span class=\"wp-block-navigation-item__label\">Accueil<\/span><\/a><\/li><li class=\"has-medium-font-size wp-block-navigation-item menu-item menu-item-type-post_type wp-block-navigation-link\"><a class=\"wp-block-navigation-item__content\"  href=\"http:\/\/www.pc73.net\/wpfacplus\/historique\/\" title=\"\"><span class=\"wp-block-navigation-item__label\">A propos de nous<\/span><\/a><\/li><li class=\"has-medium-font-size wp-block-navigation-item wp-block-navigation-link\"><a class=\"wp-block-navigation-item__content\"  href=\"https:\/\/goo.gl\/maps\/g7nTJkBkCCo\" target=\"_blank\"   title=\"\"><span class=\"wp-block-navigation-item__label\">Nous situer<\/span><span class=\"wp-block-navigation-item__description\">Situation g\u00e9ographique FACPLUS<\/span><\/a><\/li><li class=\"has-medium-font-size wp-block-navigation-item  menu-item menu-item-type-post_type menu-item-object-page wp-block-navigation-link\"><a class=\"wp-block-navigation-item__content\"  href=\"http:\/\/www.pc73.net\/wpfacplus\/contact\/\" title=\"\"><span class=\"wp-block-navigation-item__label\">Contactez nous<\/span><\/a><\/li><li class=\"wp-block-navigation-item\"><div class=\"is-default-size is-style-default wp-block-site-logo\"><a href=\"http:\/\/www.pc73.net\/wpfacplus\/\" class=\"custom-logo-link\" rel=\"home\"><img loading=\"lazy\" decoding=\"async\" width=\"367\" height=\"376\" src=\"http:\/\/www.pc73.net\/wpfacplus\/wp-content\/uploads\/2023\/09\/logo-fac1-min.png\" class=\"custom-logo\" alt=\"FacPlus\" srcset=\"http:\/\/www.pc73.net\/wpfacplus\/wp-content\/uploads\/2023\/09\/logo-fac1-min.png 367w, http:\/\/www.pc73.net\/wpfacplus\/wp-content\/uploads\/2023\/09\/logo-fac1-min-293x300.png 293w\" sizes=\"auto, (max-width: 367px) 100vw, 367px\" \/><\/a><\/div><\/li><\/ul><\/nav><\/div>\n\n\n\n<div class=\"wp-block-column is-layout-flow wp-block-column-is-layout-flow\">\n<p class=\"has-text-align-center has-medium-font-size\">Suivez-nous<\/p>\n\n\n\n<div class=\"wp-block-group is-vertical is-content-justification-center is-layout-flex wp-container-core-group-is-layout-bdd043ae wp-block-group-is-layout-flex\">\n<p class=\"has-medium-font-size\"><a href=\"https:\/\/www.facebook.com\/FACPLUS.FR\/\" target=\"_blank\" rel=\"noreferrer noopener\">Facebook<\/a><\/p>\n\n\n\n<p class=\"has-medium-font-size\"><a href=\"https:\/\/www.linkedin.com\/in\/fac-plus\/\" target=\"_blank\" rel=\"noreferrer noopener\">Linkedin<\/a><\/p>\n\n\n\n<p><\/p>\n<\/div>\n\n\n\n<div style=\"height:24px\" aria-hidden=\"true\" class=\"wp-block-spacer\"><\/div>\n<\/div>\n<\/div>\n\n\n\n<div class=\"wp-block-group alignwide is-content-justification-center is-layout-flex wp-container-core-group-is-layout-5590e8cb wp-block-group-is-layout-flex\">\n<p class=\"has-text-align-center has-small-font-size\"> D\u00e9velopp\u00e9 par <mark style=\"background-color:rgba(0, 0, 0, 0)\" class=\"has-inline-color has-nv-site-bg-color\">FACPLUS<\/mark><\/p>\n<\/div>\n<\/div><\/div>\n","protected":false},"excerpt":{"rendered":"<p>1969 route royale FACPLUS 73190 Challes les eaux Ouverture au public Lundi au vendredi : 9:00 &#8211; 12:00 et 14:00 &#8211; 18:00 Lundi matin, vendredi am, samedi matin sur RDV Suivez-nous Facebook Linkedin D\u00e9velopp\u00e9 par FACPLUS<\/p>\n","protected":false},"author":2,"featured_media":0,"parent":0,"menu_order":0,"comment_status":"closed","ping_status":"closed","template":"","meta":{"neve_meta_sidebar":"","neve_meta_container":"full-width","neve_meta_enable_content_width":"","neve_meta_content_width":0,"neve_meta_title_alignment":"","neve_meta_author_avatar":"","neve_post_elements_order":"","neve_meta_disable_header":"","neve_meta_disable_footer":"on","neve_meta_disable_title":"on","neve_meta_reading_time":"","_themeisle_gutenberg_block_has_review":false,"_ti_tpc_template_sync":false,"_ti_tpc_template_id":"","footnotes":""},"class_list":["post-1040","page","type-page","status-publish","hentry"],"_links":{"self":[{"href":"http:\/\/www.pc73.net\/wpfacplus\/wp-json\/wp\/v2\/pages\/1040","targetHints":{"allow":["GET"]}}],"collection":[{"href":"http:\/\/www.pc73.net\/wpfacplus\/wp-json\/wp\/v2\/pages"}],"about":[{"href":"http:\/\/www.pc73.net\/wpfacplus\/wp-json\/wp\/v2\/types\/page"}],"author":[{"embeddable":true,"href":"http:\/\/www.pc73.net\/wpfacplus\/wp-json\/wp\/v2\/users\/2"}],"replies":[{"embeddable":true,"href":"http:\/\/www.pc73.net\/wpfacplus\/wp-json\/wp\/v2\/comments?post=1040"}],"version-history":[{"count":32,"href":"http:\/\/www.pc73.net\/wpfacplus\/wp-json\/wp\/v2\/pages\/1040\/revisions"}],"predecessor-version":[{"id":1961,"href":"http:\/\/www.pc73.net\/wpfacplus\/wp-json\/wp\/v2\/pages\/1040\/revisions\/1961"}],"wp:attachment":[{"href":"http:\/\/www.pc73.net\/wpfacplus\/wp-json\/wp\/v2\/media?parent=1040"}],"curies":[{"name":"wp","href":"https:\/\/api.w.org\/{rel}","templated":true}]}}