{"id":1043,"date":"2023-08-29T17:46:53","date_gmt":"2023-08-29T15:46:53","guid":{"rendered":"http:\/\/www.pc73.net\/wpfacplus\/?page_id=1043"},"modified":"2023-09-25T12:10:11","modified_gmt":"2023-09-25T10:10:11","slug":"linguaskills","status":"publish","type":"page","link":"http:\/\/www.pc73.net\/wpfacplus\/linguaskills\/","title":{"rendered":"Linguaskill"},"content":{"rendered":"\n<div class=\"wp-block-cover is-light ticss-2945d55b\"><span aria-hidden=\"true\" class=\"wp-block-cover__background has-background-dim\"><\/span><img loading=\"lazy\" decoding=\"async\" width=\"1902\" height=\"710\" class=\"wp-block-cover__image-background wp-image-1282\" alt=\"\" src=\"http:\/\/www.pc73.net\/wpfacplus\/wp-content\/uploads\/2023\/08\/cert.jpg\" style=\"object-position:81% 33%\" data-object-fit=\"cover\" data-object-position=\"81% 33%\" srcset=\"http:\/\/www.pc73.net\/wpfacplus\/wp-content\/uploads\/2023\/08\/cert.jpg 1902w, http:\/\/www.pc73.net\/wpfacplus\/wp-content\/uploads\/2023\/08\/cert-300x112.jpg 300w, http:\/\/www.pc73.net\/wpfacplus\/wp-content\/uploads\/2023\/08\/cert-1024x382.jpg 1024w, http:\/\/www.pc73.net\/wpfacplus\/wp-content\/uploads\/2023\/08\/cert-768x287.jpg 768w, http:\/\/www.pc73.net\/wpfacplus\/wp-content\/uploads\/2023\/08\/cert-1536x573.jpg 1536w\" sizes=\"auto, (max-width: 1902px) 100vw, 1902px\" \/><div class=\"wp-block-cover__inner-container is-layout-constrained wp-block-cover-is-layout-constrained\">\n<p class=\"has-text-align-center has-large-font-size\"><\/p>\n<\/div><\/div>\n\n\n\n<div style=\"height:50px\" aria-hidden=\"true\" class=\"wp-block-spacer\"><\/div>\n\n\n\n<h2 class=\"wp-block-heading has-text-align-center has-neve-link-color-color has-text-color\">La certification LINGUASKILL &#8211; c&rsquo;est quoi ?<\/h2>\n\n\n\n<div id=\"wp-block-themeisle-blocks-advanced-columns-944ac7bc\" class=\"wp-block-themeisle-blocks-advanced-columns has-1-columns has-desktop-equal-layout has-tablet-equal-layout has-mobile-equal-layout has-vertical-unset\"><div class=\"wp-block-themeisle-blocks-advanced-columns-overlay\"><\/div><div class=\"innerblocks-wrap\">\n<div id=\"wp-block-themeisle-blocks-advanced-column-006e5aa6\" class=\"wp-block-themeisle-blocks-advanced-column ticss-5b19ed39\">\n<h3 class=\"wp-block-heading has-text-align-center\"> LINGUASKILL est une certification pour l&rsquo;Anglais des affaires et l&rsquo;Anglais g\u00e9n\u00e9ral<\/h3>\n\n\n\n<h3 class=\"wp-block-heading ticss-8b8f3e75\">Pourquoi adopter un test Linguaskill ?<\/h3>\n\n\n\n<p class=\"ticss-841a0ae7\">Pour son <mark style=\"background-color:rgba(0, 0, 0, 0)\" class=\"has-inline-color has-neve-link-color-color\"><strong>choix<\/strong><\/mark> : Linguaksill Business (en situation de vie professionnelle) et Linguaskill G\u00e9n\u00e9ral (en situation de la vie courante et professionnelle)<\/p>\n\n\n\n<p class=\"ticss-841a0ae7\">Pour un test <mark style=\"background-color:rgba(0, 0, 0, 0)\" class=\"has-inline-color has-neve-link-color-color\"><strong>complet<\/strong> <\/mark>et <strong><mark style=\"background-color:rgba(0, 0, 0, 0)\" class=\"has-inline-color has-neve-link-color-color\">accessible <\/mark><\/strong>: les tests \u00e9valuent tous types de candidats quel que soit leur niveau d\u2019anglais. Pour le prix du test concurrent 2 comp\u00e9tences, vous \u00e9valuez 4 comp\u00e9tences, compr\u00e9hension et expression, \u00e9crites et orales.<\/p>\n\n\n\n<p class=\"ticss-841a0ae7\">Pour sa <strong><mark style=\"background-color:rgba(0, 0, 0, 0)\" class=\"has-inline-color has-neve-link-color-color\">fiabilit\u00e9<\/mark><\/strong> : les \u00e9preuves de compr\u00e9hension \u00e9crite et orale reposent sur une technologie informatis\u00e9e qui adapte, en temps r\u00e9el, les questions pos\u00e9es au candidat en fonction de ses r\u00e9ponses pr\u00e9c\u00e9dentes, ce qui garantit une \u00e9valuation pr\u00e9cise du niveau.<\/p>\n\n\n\n<p class=\"ticss-841a0ae7\">Pour sa <strong><mark style=\"background-color:rgba(0, 0, 0, 0)\" class=\"has-inline-color has-neve-link-color-color\">facilit\u00e9 de mise en \u0153uvre<\/mark><\/strong> : les tests <em>Linguaskill <\/em>peuvent \u00eatre pass\u00e9s o\u00f9 vous voulez, quand vous le souhaitez, pour un nombre de candidats de votre choix, avec un ordinateur et une connexion internet (sous surveillance d\u2019une personne habilit\u00e9e). Les r\u00e9sultats sont fournis en 48h (imm\u00e9diatement pour le <em>Reading<\/em> &amp;<em>Listening<\/em>), pour une prise de d\u00e9cision imm\u00e9diate.<\/p>\n\n\n\n<h3 class=\"wp-block-heading ticss-e7908821\">Pourquoi adopter les dipl\u00f4mes Cambridge English Business ?<\/h3>\n\n\n\n<p class=\"ticss-f467f426\">Pour une <mark style=\"background-color:rgba(0, 0, 0, 0)\" class=\"has-inline-color has-neve-link-color-color\"><strong>\u00e9valuation en profondeur<\/strong><\/mark> du niveau de langue : l\u2019examen existe pour trois niveaux : B1 (Business Preliminary), B2 (Business Vantage) et C1 (Business Higher). L\u2019examen \u00e9value avec pr\u00e9cision les comp\u00e9tences du candidat en expression orale et \u00e9crite ainsi qu\u2019en compr\u00e9hension orale et \u00e9crite par rapport au niveau CECRL de l\u2019examen choisi.<\/p>\n\n\n\n<p class=\"ticss-f467f426\">Pour la <mark style=\"background-color:rgba(0, 0, 0, 0)\" class=\"has-inline-color has-neve-link-color-color\"><strong>dimension formatrice<\/strong><\/mark> de la pr\u00e9paration : la pr\u00e9paration aux diff\u00e9rents exercices des examens Business permet une v\u00e9ritable mont\u00e9e en comp\u00e9tence du stagiaire dans les quatre comp\u00e9tences \u00e9valu\u00e9es.<\/p>\n\n\n\n<p class=\"ticss-f467f426\">Pour l\u2019obtention d\u2019une <strong><mark style=\"background-color:rgba(0, 0, 0, 0)\" class=\"has-inline-color has-neve-link-color-color\">certification valable sur la dur\u00e9e<\/mark> <\/strong>: les dipl\u00f4mes Business n\u2019ont pas de date limite de validit\u00e9, et peuvent \u00eatre conserv\u00e9s sur le long terme sur un CV, \u00e0 la diff\u00e9rence du r\u00e9sultat d\u2019un test, valable deux ans.<\/p>\n\n\n\n<p class=\"ticss-f467f426\">Pour le <mark style=\"background-color:rgba(0, 0, 0, 0)\" class=\"has-inline-color has-neve-link-color-color\"><strong>contenu business<\/strong><\/mark> : 80% des questions sont relatives aux situations quotidiennes de l\u2019entreprise.<\/p>\n\n\n\n<p class=\"ticss-f467f426\">Pour la <strong><mark style=\"background-color:rgba(0, 0, 0, 0)\" class=\"has-inline-color has-neve-link-color-color\">reconnaissance par les employeurs<\/mark><\/strong> en France et \u00e0 l\u2019international.<\/p>\n\n\n\n<h3 class=\"wp-block-heading ticss-77bd9775\">Comment se passe la certification ?<\/h3>\n\n\n\n<p>Elle se d\u00e9roulera en ligne, depuis chez vous ou au centre si vous le pr\u00e9f\u00e9rez. Vous serez face \u00e0 un ordinateur. Le test se d\u00e9roule en ligne avec un test adaptatif et en plusieurs \u00e9tapes :<\/p>\n\n\n\n<h3 class=\"wp-block-heading has-neve-link-color-color has-text-color\">3 modules sont \u00e0 passer<\/h3>\n\n\n\n<p class=\"has-nv-c-2-color has-text-color\"><strong>Reading and Listening<\/strong><\/p>\n\n\n\n<ul class=\"wp-block-list\">\n<li>Dur\u00e9e : 60-85 minutes<\/li>\n\n\n\n<li>Notation effectu\u00e9e par ordinateur et r\u00e9sultats imm\u00e9diats juste apr\u00e8s le test<\/li>\n<\/ul>\n\n\n\n<p class=\"has-nv-c-2-color has-text-color\"><strong>Writing<\/strong><\/p>\n\n\n\n<ul class=\"wp-block-list\">\n<li>Dur\u00e9e : 45 minutes<\/li>\n\n\n\n<li>Notation effectu\u00e9e par ordinateur et r\u00e9sultats communiqu\u00e9s sous 12 heures<\/li>\n<\/ul>\n\n\n\n<p class=\"has-nv-c-2-color has-text-color\"><strong>Speaking<\/strong><\/p>\n\n\n\n<ul class=\"wp-block-list\">\n<li>Dur\u00e9e : 15 minutes<\/li>\n\n\n\n<li>Notation effectu\u00e9e par examinateur et r\u00e9sultats communiqu\u00e9s sous 48 heures<\/li>\n<\/ul>\n\n\n\n<p>Les diff\u00e9rents modules peuvent se d\u00e9rouler sur un ou deux jours.<\/p>\n\n\n\n<p>Chaque session est enregistr\u00e9e (cam\u00e9ra et micro) afin de v\u00e9rifier la conformit\u00e9 du passage de l\u2019examen.<\/p>\n\n\n\n<p>Pour plus de d\u00e9tail sur les \u00e9tapes de l\u2019examen, <a href=\"http:\/\/www.pc73.net\/wpfacplus\/wp-content\/uploads\/2023\/09\/Descriptif-technique-Linguaskill.pdf\" target=\"_blank\" rel=\"noreferrer noopener\">cliquez sur ce lien<\/a>.<\/p>\n\n\n\n<h6 class=\"wp-block-heading has-text-align-center\"><em>Source linguaskill<\/em><\/h6>\n<\/div>\n<\/div><\/div>\n\n\n\n<div style=\"height:50px\" aria-hidden=\"true\" class=\"wp-block-spacer\"><\/div>\n\n\n\n<div class=\"wp-block-group alignfull has-background-color ticss-b6d689f7 has-neve-link-color-background-color has-background has-link-color has-medium-font-size wp-elements-144723183ce5420a6c5303a66ea4297c\" style=\"min-height:40vh;margin-top:0;margin-bottom:0;padding-top:var(--wp--preset--spacing--60);padding-right:var(--wp--preset--spacing--40);padding-bottom:var(--wp--preset--spacing--60);padding-left:var(--wp--preset--spacing--40)\"><div class=\"wp-block-group__inner-container is-layout-constrained wp-container-core-group-is-layout-27c39f3e wp-block-group-is-layout-constrained\">\n<div class=\"wp-block-columns alignwide has-small-font-size is-layout-flex wp-container-core-columns-is-layout-9d6595d7 wp-block-columns-is-layout-flex\">\n<div class=\"wp-block-column ticss-37c2d156 is-layout-flow wp-block-column-is-layout-flow\">\n<p class=\"has-text-align-center has-medium-font-size\">1969 route royale<\/p>\n\n\n\n<p class=\"has-text-align-center has-nv-site-bg-color has-text-color has-large-font-size\">FACPLUS<\/p>\n\n\n\n<p class=\"has-text-align-center has-medium-font-size\">73190 Challes les eaux<\/p>\n\n\n\n<p class=\"has-text-align-center has-nv-site-bg-color has-text-color has-medium-font-size\">Ouverture au public<\/p>\n\n\n\n<p class=\"has-text-align-center has-medium-font-size\">Lundi au vendredi : 9:00 &#8211; 12:00 et 14:00 &#8211; 18:00<\/p>\n\n\n\n<p class=\"has-text-align-center has-medium-font-size\">Lundi matin, vendredi am, samedi matin sur RDV<\/p>\n<\/div>\n\n\n\n<div class=\"wp-block-column ticss-ef63ceff is-layout-flow wp-block-column-is-layout-flow\"><nav class=\"has-text-color has-nv-site-bg-color has-medium-font-size items-justified-center is-vertical wp-block-navigation is-content-justification-center is-layout-flex wp-container-core-navigation-is-layout-9a7cdcfd wp-block-navigation-is-layout-flex\" aria-label=\"web-agency-gb-main-menu\"><ul class=\"wp-block-navigation__container has-text-color has-nv-site-bg-color has-medium-font-size items-justified-center is-vertical wp-block-navigation has-medium-font-size\"><li class=\"has-medium-font-size wp-block-navigation-item menu-item menu-item-type-post_type menu-item-object-page menu-item-home ticss-a9e52769 wp-block-navigation-link\"><a class=\"wp-block-navigation-item__content\"  href=\"http:\/\/www.pc73.net\/wpfacplus\/\" title=\"\"><span class=\"wp-block-navigation-item__label\">Accueil<\/span><\/a><\/li><li class=\"has-medium-font-size wp-block-navigation-item menu-item menu-item-type-post_type wp-block-navigation-link\"><a class=\"wp-block-navigation-item__content\"  href=\"http:\/\/www.pc73.net\/wpfacplus\/historique\/\" title=\"\"><span class=\"wp-block-navigation-item__label\">A propos de nous<\/span><\/a><\/li><li class=\"has-medium-font-size wp-block-navigation-item wp-block-navigation-link\"><a class=\"wp-block-navigation-item__content\"  href=\"https:\/\/goo.gl\/maps\/g7nTJkBkCCo\" target=\"_blank\"   title=\"\"><span class=\"wp-block-navigation-item__label\">Nous situer<\/span><span class=\"wp-block-navigation-item__description\">Situation g\u00e9ographique FACPLUS<\/span><\/a><\/li><li class=\"has-medium-font-size wp-block-navigation-item  menu-item menu-item-type-post_type menu-item-object-page wp-block-navigation-link\"><a class=\"wp-block-navigation-item__content\"  href=\"http:\/\/www.pc73.net\/wpfacplus\/contact\/\" title=\"\"><span class=\"wp-block-navigation-item__label\">Contactez nous<\/span><\/a><\/li><li class=\"wp-block-navigation-item\"><div class=\"is-default-size is-style-default wp-block-site-logo\"><a href=\"http:\/\/www.pc73.net\/wpfacplus\/\" class=\"custom-logo-link\" rel=\"home\"><img loading=\"lazy\" decoding=\"async\" width=\"367\" height=\"376\" src=\"http:\/\/www.pc73.net\/wpfacplus\/wp-content\/uploads\/2023\/09\/logo-fac1-min.png\" class=\"custom-logo\" alt=\"FacPlus\" srcset=\"http:\/\/www.pc73.net\/wpfacplus\/wp-content\/uploads\/2023\/09\/logo-fac1-min.png 367w, http:\/\/www.pc73.net\/wpfacplus\/wp-content\/uploads\/2023\/09\/logo-fac1-min-293x300.png 293w\" sizes=\"auto, (max-width: 367px) 100vw, 367px\" \/><\/a><\/div><\/li><\/ul><\/nav><\/div>\n\n\n\n<div class=\"wp-block-column is-layout-flow wp-block-column-is-layout-flow\">\n<p class=\"has-text-align-center has-medium-font-size\">Suivez-nous<\/p>\n\n\n\n<div class=\"wp-block-group is-vertical is-content-justification-center is-layout-flex wp-container-core-group-is-layout-bdd043ae wp-block-group-is-layout-flex\">\n<p class=\"has-medium-font-size\"><a href=\"https:\/\/www.facebook.com\/FACPLUS.FR\/\" target=\"_blank\" rel=\"noreferrer noopener\">Facebook<\/a><\/p>\n\n\n\n<p class=\"has-medium-font-size\"><a href=\"https:\/\/www.linkedin.com\/in\/fac-plus\/\" target=\"_blank\" rel=\"noreferrer noopener\">Linkedin<\/a><\/p>\n\n\n\n<p><\/p>\n<\/div>\n\n\n\n<div style=\"height:24px\" aria-hidden=\"true\" class=\"wp-block-spacer\"><\/div>\n<\/div>\n<\/div>\n\n\n\n<div class=\"wp-block-group alignwide is-content-justification-center is-layout-flex wp-container-core-group-is-layout-5590e8cb wp-block-group-is-layout-flex\">\n<p class=\"has-text-align-center has-small-font-size\"> D\u00e9velopp\u00e9 par <mark style=\"background-color:rgba(0, 0, 0, 0)\" class=\"has-inline-color has-nv-site-bg-color\">FACPLUS<\/mark><\/p>\n<\/div>\n<\/div><\/div>\n","protected":false},"excerpt":{"rendered":"<p>La certification LINGUASKILL &#8211; c&rsquo;est quoi ? 1969 route royale FACPLUS 73190 Challes les eaux Ouverture au public Lundi au vendredi : 9:00 &#8211; 12:00 et 14:00 &#8211; 18:00 Lundi matin, vendredi am, samedi matin sur RDV Suivez-nous Facebook Linkedin D\u00e9velopp\u00e9 par FACPLUS<\/p>\n","protected":false},"author":2,"featured_media":0,"parent":0,"menu_order":0,"comment_status":"closed","ping_status":"closed","template":"","meta":{"neve_meta_sidebar":"","neve_meta_container":"full-width","neve_meta_enable_content_width":"","neve_meta_content_width":0,"neve_meta_title_alignment":"","neve_meta_author_avatar":"","neve_post_elements_order":"","neve_meta_disable_header":"","neve_meta_disable_footer":"on","neve_meta_disable_title":"on","neve_meta_reading_time":"","_themeisle_gutenberg_block_has_review":false,"_ti_tpc_template_sync":false,"_ti_tpc_template_id":"","footnotes":""},"class_list":["post-1043","page","type-page","status-publish","hentry"],"_links":{"self":[{"href":"http:\/\/www.pc73.net\/wpfacplus\/wp-json\/wp\/v2\/pages\/1043","targetHints":{"allow":["GET"]}}],"collection":[{"href":"http:\/\/www.pc73.net\/wpfacplus\/wp-json\/wp\/v2\/pages"}],"about":[{"href":"http:\/\/www.pc73.net\/wpfacplus\/wp-json\/wp\/v2\/types\/page"}],"author":[{"embeddable":true,"href":"http:\/\/www.pc73.net\/wpfacplus\/wp-json\/wp\/v2\/users\/2"}],"replies":[{"embeddable":true,"href":"http:\/\/www.pc73.net\/wpfacplus\/wp-json\/wp\/v2\/comments?post=1043"}],"version-history":[{"count":25,"href":"http:\/\/www.pc73.net\/wpfacplus\/wp-json\/wp\/v2\/pages\/1043\/revisions"}],"predecessor-version":[{"id":1963,"href":"http:\/\/www.pc73.net\/wpfacplus\/wp-json\/wp\/v2\/pages\/1043\/revisions\/1963"}],"wp:attachment":[{"href":"http:\/\/www.pc73.net\/wpfacplus\/wp-json\/wp\/v2\/media?parent=1043"}],"curies":[{"name":"wp","href":"https:\/\/api.w.org\/{rel}","templated":true}]}}