{"id":1054,"date":"2023-08-29T17:48:33","date_gmt":"2023-08-29T15:48:33","guid":{"rendered":"http:\/\/www.pc73.net\/wpfacplus\/?page_id=1054"},"modified":"2023-09-25T11:31:32","modified_gmt":"2023-09-25T09:31:32","slug":"opco","status":"publish","type":"page","link":"http:\/\/www.pc73.net\/wpfacplus\/opco\/","title":{"rendered":"Opco"},"content":{"rendered":"\n<div class=\"wp-block-cover is-light ticss-540f339a\"><span aria-hidden=\"true\" class=\"wp-block-cover__background has-background-dim\"><\/span><img loading=\"lazy\" decoding=\"async\" width=\"863\" height=\"411\" class=\"wp-block-cover__image-background wp-image-1442\" alt=\"\" src=\"http:\/\/www.pc73.net\/wpfacplus\/wp-content\/uploads\/2023\/09\/opcofond-min.jpg\" data-object-fit=\"cover\" srcset=\"http:\/\/www.pc73.net\/wpfacplus\/wp-content\/uploads\/2023\/09\/opcofond-min.jpg 863w, http:\/\/www.pc73.net\/wpfacplus\/wp-content\/uploads\/2023\/09\/opcofond-min-300x143.jpg 300w, http:\/\/www.pc73.net\/wpfacplus\/wp-content\/uploads\/2023\/09\/opcofond-min-768x366.jpg 768w\" sizes=\"auto, (max-width: 863px) 100vw, 863px\" \/><div class=\"wp-block-cover__inner-container is-layout-constrained wp-block-cover-is-layout-constrained\">\n<p class=\"has-text-align-center has-large-font-size\"><\/p>\n<\/div><\/div>\n\n\n\n<div style=\"height:50px\" aria-hidden=\"true\" class=\"wp-block-spacer\"><\/div>\n\n\n\n<h2 class=\"wp-block-heading has-text-align-center has-neve-link-color-color has-text-color\">Op\u00e9rateurs de comp\u00e9tences : OPCO ?<\/h2>\n\n\n\n<div id=\"wp-block-themeisle-blocks-advanced-columns-b146db79\" class=\"wp-block-themeisle-blocks-advanced-columns has-1-columns has-desktop-equal-layout has-tablet-equal-layout has-mobile-equal-layout has-vertical-unset\"><div class=\"wp-block-themeisle-blocks-advanced-columns-overlay\"><\/div><div class=\"innerblocks-wrap\">\n<div id=\"wp-block-themeisle-blocks-advanced-column-8c3ed655\" class=\"wp-block-themeisle-blocks-advanced-column .tooltip {  position: relative; display: inline-block; border-bottom: 1px dotted black; } .tooltiptext visibility: hidden; width: 120px; background-color: color: #fff; text-align: center; border-radius: 6px; padding: 5px 0; \/* Position the tooltip *\/ absolute; z-index: 1; .tooltip:hover visible; ticss-65adae76\">\n<p>Le 1er&nbsp;avril 2019, onze op\u00e9rateurs de comp\u00e9tences (<strong><mark style=\"background-color:rgba(0, 0, 0, 0)\" class=\"has-inline-color has-nv-c-2-color\">OCPO<\/mark><\/strong>), charg\u00e9s d\u2019accompagner la formation professionnelle, ont \u00e9t\u00e9 agr\u00e9\u00e9s. Ils remplacent les anciens organismes paritaires collecteurs agr\u00e9\u00e9es (<strong><mark style=\"background-color:rgba(0, 0, 0, 0)\" class=\"has-inline-color has-nv-c-2-color\">OPCA<\/mark><\/strong>).<br>Ces op\u00e9rateurs de comp\u00e9tences ont pour missions de financer l\u2019apprentissage, d\u2019aider les branches \u00e0 construire les certifications professionnelles et d\u2019accompagner les PME pour d\u00e9finir leurs besoins en formation.<\/p>\n\n\n\n<h3 class=\"wp-block-heading\">Quel est le r\u00f4le des op\u00e9rateurs de comp\u00e9tences&nbsp; ?<\/h3>\n\n\n\n<p>LES&nbsp;<strong><mark style=\"background-color:rgba(0, 0, 0, 0)\" class=\"has-inline-color has-neve-link-color-color\">OPCOS<\/mark><\/strong>&nbsp;ont pour mission :<\/p>\n\n\n\n<ul class=\"wp-block-list\">\n<li>d\u2019assurer le financement des contrats d\u2019apprentissage et de professionnalisation, selon les niveaux de prise en charge fix\u00e9s par les branches professionnelles&nbsp;;<\/li>\n\n\n\n<li>d\u2019apporter un appui technique aux branches professionnelles pour&nbsp;:<\/li>\n\n\n\n<li>\u00e9tablir la gestion pr\u00e9visionnelle de l\u2019emploi et des comp\u00e9tences (GPEC)&nbsp;;<\/li>\n\n\n\n<li>d\u00e9terminer les niveaux de prise en charge des contrats d\u2019apprentissage et des contrats de professionnalisation&nbsp;;<\/li>\n\n\n\n<li>les accompagner dans leur mission de certification (construction des r\u00e9f\u00e9rentiels de certification qui d\u00e9crivent pr\u00e9cis\u00e9ment les capacit\u00e9s, comp\u00e9tences et savoirs exig\u00e9s pour l\u2019obtention de la certification vis\u00e9e)&nbsp;;<\/li>\n\n\n\n<li>de favoriser la transition professionnelle des salari\u00e9s, notamment par la mise en \u0153uvre du compte personnel de formation dans le cadre des projets de transition professionnelle.<\/li>\n\n\n\n<li>d\u2019assurer un service de proximit\u00e9 au b\u00e9n\u00e9fice des tr\u00e8s petites, petites et moyennes entreprises, permettant&nbsp;:<\/li>\n\n\n\n<li>d\u2019am\u00e9liorer l\u2019information et l\u2019acc\u00e8s des salari\u00e9s de ces entreprises \u00e0 la formation professionnelle&nbsp;;<\/li>\n\n\n\n<li>d\u2019accompagner ces entreprises dans l\u2019analyse et la d\u00e9finition de leurs besoins en mati\u00e8re de formation professionnelle, notamment au regard des mutations \u00e9conomiques et techniques de leur secteur d\u2019activit\u00e9.<\/li>\n<\/ul>\n\n\n\n<h3 class=\"wp-block-heading ticss-fb8934ce\"><em><strong><mark style=\"background-color:rgba(0, 0, 0, 0)\" class=\"has-inline-color has-neve-link-color-color\">IMPORTANT :<\/mark><\/strong><\/em><\/h3>\n\n\n\n<p>Jusqu\u2019\u00e0 la date d\u2019entr\u00e9e en vigueur des dispositions relatives \u00e0 la collecte par l\u2019Urssaf ou la MSA, et au plus tard jusqu\u2019au 31 d\u00e9cembre 2020, les&nbsp;<strong><mark style=\"background-color:rgba(0, 0, 0, 0)\" class=\"has-inline-color has-neve-link-color-color\">OPCO<\/mark><\/strong>&nbsp;sont agr\u00e9\u00e9s pour collecter les contributions des employeurs au titre du financement de la formation professionnelle et de l\u2019alternance.<br>Jusqu\u2019au 1er&nbsp;janvier 2021, les&nbsp;<strong><mark style=\"background-color:rgba(0, 0, 0, 0)\" class=\"has-inline-color has-neve-link-color-color\">OPCO<\/mark><\/strong>&nbsp;s\u2019assurent, lorsqu\u2019ils financent une action de formation professionnelle et sur la base de crit\u00e8res d\u00e9finis par d\u00e9cret en Conseil d\u2019\u00c9tat, de la capacit\u00e9 du prestataire de formation \u00e0 dispenser une formation de qualit\u00e9.<\/p>\n\n\n\n<p>Liste des op\u00e9rateurs de comp\u00e9tences (OPCO)<\/p>\n\n\n\n<p>Le regroupement des branches professionnelles autour d\u2019un&nbsp;<strong><mark style=\"background-color:rgba(0, 0, 0, 0)\" class=\"has-inline-color has-neve-link-color-color\">OPCO<\/mark><\/strong> d\u00e9sign\u00e9, s\u2019appuie sur les crit\u00e8res de coh\u00e9rence des m\u00e9tiers et des comp\u00e9tences, de fili\u00e8res, d\u2019enjeux communs de comp\u00e9tences, de formation, de mobilit\u00e9, de services de proximit\u00e9 et de besoins des entreprises.\u200b<\/p>\n\n\n\n<p>Pr\u00e8s de 329 branches sont r\u00e9parties dans 11&nbsp;<strong><mark style=\"background-color:rgba(0, 0, 0, 0)\" class=\"has-inline-color has-neve-link-color-color\">OPCO<\/mark><\/strong>, au lieu des 20&nbsp;<strong><mark style=\"background-color:rgba(0, 0, 0, 0)\" class=\"has-inline-color has-neve-link-color-color\">OPCA<\/mark><\/strong>&nbsp;qui existaient auparavant.<br>Deux des 11&nbsp;<strong><mark style=\"background-color:rgba(0, 0, 0, 0)\" class=\"has-inline-color has-neve-link-color-color\">OPCO<\/mark><\/strong>&nbsp;ont un caract\u00e8re interprofessionnel au sens de l\u2019article L. 6332-1-1 du Code du travail.<\/p>\n<\/div>\n<\/div><\/div>\n\n\n\n<div style=\"height:50px\" aria-hidden=\"true\" class=\"wp-block-spacer\"><\/div>\n\n\n\n<div class=\"wp-block-group alignfull has-background-color ticss-b6d689f7 has-neve-link-color-background-color has-background has-link-color has-medium-font-size wp-elements-144723183ce5420a6c5303a66ea4297c\" style=\"min-height:40vh;margin-top:0;margin-bottom:0;padding-top:var(--wp--preset--spacing--60);padding-right:var(--wp--preset--spacing--40);padding-bottom:var(--wp--preset--spacing--60);padding-left:var(--wp--preset--spacing--40)\"><div class=\"wp-block-group__inner-container is-layout-constrained wp-container-core-group-is-layout-27c39f3e wp-block-group-is-layout-constrained\">\n<div class=\"wp-block-columns alignwide has-small-font-size is-layout-flex wp-container-core-columns-is-layout-9d6595d7 wp-block-columns-is-layout-flex\">\n<div class=\"wp-block-column ticss-37c2d156 is-layout-flow wp-block-column-is-layout-flow\">\n<p class=\"has-text-align-center has-medium-font-size\">1969 route royale<\/p>\n\n\n\n<p class=\"has-text-align-center has-nv-site-bg-color has-text-color has-large-font-size\">FACPLUS<\/p>\n\n\n\n<p class=\"has-text-align-center has-medium-font-size\">73190 Challes les eaux<\/p>\n\n\n\n<p class=\"has-text-align-center has-nv-site-bg-color has-text-color has-medium-font-size\">Ouverture au public<\/p>\n\n\n\n<p class=\"has-text-align-center has-medium-font-size\">Lundi au vendredi : 9:00 &#8211; 12:00 et 14:00 &#8211; 18:00<\/p>\n\n\n\n<p class=\"has-text-align-center has-medium-font-size\">Lundi matin, vendredi am, samedi matin sur RDV<\/p>\n<\/div>\n\n\n\n<div class=\"wp-block-column ticss-ef63ceff is-layout-flow wp-block-column-is-layout-flow\"><nav class=\"has-text-color has-nv-site-bg-color has-medium-font-size items-justified-center is-vertical wp-block-navigation is-content-justification-center is-layout-flex wp-container-core-navigation-is-layout-9a7cdcfd wp-block-navigation-is-layout-flex\" aria-label=\"web-agency-gb-main-menu\"><ul class=\"wp-block-navigation__container has-text-color has-nv-site-bg-color has-medium-font-size items-justified-center is-vertical wp-block-navigation has-medium-font-size\"><li class=\"has-medium-font-size wp-block-navigation-item menu-item menu-item-type-post_type menu-item-object-page menu-item-home ticss-a9e52769 wp-block-navigation-link\"><a class=\"wp-block-navigation-item__content\"  href=\"http:\/\/www.pc73.net\/wpfacplus\/\" title=\"\"><span class=\"wp-block-navigation-item__label\">Accueil<\/span><\/a><\/li><li class=\"has-medium-font-size wp-block-navigation-item menu-item menu-item-type-post_type wp-block-navigation-link\"><a class=\"wp-block-navigation-item__content\"  href=\"http:\/\/www.pc73.net\/wpfacplus\/historique\/\" title=\"\"><span class=\"wp-block-navigation-item__label\">A propos de nous<\/span><\/a><\/li><li class=\"has-medium-font-size wp-block-navigation-item wp-block-navigation-link\"><a class=\"wp-block-navigation-item__content\"  href=\"https:\/\/goo.gl\/maps\/g7nTJkBkCCo\" target=\"_blank\"   title=\"\"><span class=\"wp-block-navigation-item__label\">Nous situer<\/span><span class=\"wp-block-navigation-item__description\">Situation g\u00e9ographique FACPLUS<\/span><\/a><\/li><li class=\"has-medium-font-size wp-block-navigation-item  menu-item menu-item-type-post_type menu-item-object-page wp-block-navigation-link\"><a class=\"wp-block-navigation-item__content\"  href=\"http:\/\/www.pc73.net\/wpfacplus\/contact\/\" title=\"\"><span class=\"wp-block-navigation-item__label\">Contactez nous<\/span><\/a><\/li><li class=\"wp-block-navigation-item\"><div class=\"is-default-size is-style-default wp-block-site-logo\"><a href=\"http:\/\/www.pc73.net\/wpfacplus\/\" class=\"custom-logo-link\" rel=\"home\"><img loading=\"lazy\" decoding=\"async\" width=\"367\" height=\"376\" src=\"http:\/\/www.pc73.net\/wpfacplus\/wp-content\/uploads\/2023\/09\/logo-fac1-min.png\" class=\"custom-logo\" alt=\"FacPlus\" srcset=\"http:\/\/www.pc73.net\/wpfacplus\/wp-content\/uploads\/2023\/09\/logo-fac1-min.png 367w, http:\/\/www.pc73.net\/wpfacplus\/wp-content\/uploads\/2023\/09\/logo-fac1-min-293x300.png 293w\" sizes=\"auto, (max-width: 367px) 100vw, 367px\" \/><\/a><\/div><\/li><\/ul><\/nav><\/div>\n\n\n\n<div class=\"wp-block-column is-layout-flow wp-block-column-is-layout-flow\">\n<p class=\"has-text-align-center has-medium-font-size\">Suivez-nous<\/p>\n\n\n\n<div class=\"wp-block-group is-vertical is-content-justification-center is-layout-flex wp-container-core-group-is-layout-bdd043ae wp-block-group-is-layout-flex\">\n<p class=\"has-medium-font-size\"><a href=\"https:\/\/www.facebook.com\/FACPLUS.FR\/\" target=\"_blank\" rel=\"noreferrer noopener\">Facebook<\/a><\/p>\n\n\n\n<p class=\"has-medium-font-size\"><a href=\"https:\/\/www.linkedin.com\/in\/fac-plus\/\" target=\"_blank\" rel=\"noreferrer noopener\">Linkedin<\/a><\/p>\n\n\n\n<p><\/p>\n<\/div>\n\n\n\n<div style=\"height:24px\" aria-hidden=\"true\" class=\"wp-block-spacer\"><\/div>\n<\/div>\n<\/div>\n\n\n\n<div class=\"wp-block-group alignwide is-content-justification-center is-layout-flex wp-container-core-group-is-layout-5590e8cb wp-block-group-is-layout-flex\">\n<p class=\"has-text-align-center has-small-font-size\"> D\u00e9velopp\u00e9 par <mark style=\"background-color:rgba(0, 0, 0, 0)\" class=\"has-inline-color has-nv-site-bg-color\">FACPLUS<\/mark><\/p>\n<\/div>\n<\/div><\/div>\n","protected":false},"excerpt":{"rendered":"<p>Op\u00e9rateurs de comp\u00e9tences : OPCO ? 1969 route royale FACPLUS 73190 Challes les eaux Ouverture au public Lundi au vendredi : 9:00 &#8211; 12:00 et 14:00 &#8211; 18:00 Lundi matin, vendredi am, samedi matin sur RDV Suivez-nous Facebook Linkedin D\u00e9velopp\u00e9 par FACPLUS<\/p>\n","protected":false},"author":2,"featured_media":0,"parent":0,"menu_order":0,"comment_status":"closed","ping_status":"closed","template":"","meta":{"neve_meta_sidebar":"","neve_meta_container":"full-width","neve_meta_enable_content_width":"","neve_meta_content_width":0,"neve_meta_title_alignment":"","neve_meta_author_avatar":"","neve_post_elements_order":"","neve_meta_disable_header":"","neve_meta_disable_footer":"on","neve_meta_disable_title":"on","neve_meta_reading_time":"","_themeisle_gutenberg_block_has_review":false,"_ti_tpc_template_sync":false,"_ti_tpc_template_id":"","footnotes":""},"class_list":["post-1054","page","type-page","status-publish","hentry"],"_links":{"self":[{"href":"http:\/\/www.pc73.net\/wpfacplus\/wp-json\/wp\/v2\/pages\/1054","targetHints":{"allow":["GET"]}}],"collection":[{"href":"http:\/\/www.pc73.net\/wpfacplus\/wp-json\/wp\/v2\/pages"}],"about":[{"href":"http:\/\/www.pc73.net\/wpfacplus\/wp-json\/wp\/v2\/types\/page"}],"author":[{"embeddable":true,"href":"http:\/\/www.pc73.net\/wpfacplus\/wp-json\/wp\/v2\/users\/2"}],"replies":[{"embeddable":true,"href":"http:\/\/www.pc73.net\/wpfacplus\/wp-json\/wp\/v2\/comments?post=1054"}],"version-history":[{"count":21,"href":"http:\/\/www.pc73.net\/wpfacplus\/wp-json\/wp\/v2\/pages\/1054\/revisions"}],"predecessor-version":[{"id":1933,"href":"http:\/\/www.pc73.net\/wpfacplus\/wp-json\/wp\/v2\/pages\/1054\/revisions\/1933"}],"wp:attachment":[{"href":"http:\/\/www.pc73.net\/wpfacplus\/wp-json\/wp\/v2\/media?parent=1054"}],"curies":[{"name":"wp","href":"https:\/\/api.w.org\/{rel}","templated":true}]}}

<div class="wp-block-cover is-light ticss-540f339a"><span aria-hidden="true" class="wp-block-cover__background has-background-dim"></span><img loading="lazy" decoding="async" width="863" height="411" class="wp-block-cover__image-background wp-image-1442" alt="" src="http://www.pc73.net/wpfacplus/wp-content/uploads/2023/09/opcofond-min.jpg" data-object-fit="cover" srcset="http://www.pc73.net/wpfacplus/wp-content/uploads/2023/09/opcofond-min.jpg 863w, http://www.pc73.net/wpfacplus/wp-content/uploads/2023/09/opcofond-min-300x143.jpg 300w, http://www.pc73.net/wpfacplus/wp-content/uploads/2023/09/opcofond-min-768x366.jpg 768w" sizes="auto, (max-width: 863px) 100vw, 863px" /><div class="wp-block-cover__inner-container is-layout-constrained wp-block-cover-is-layout-constrained">
<p class="has-text-align-center has-large-font-size"></p>
</div></div>



<div style="height:50px" aria-hidden="true" class="wp-block-spacer"></div>



<h2 class="wp-block-heading has-text-align-center has-neve-link-color-color has-text-color">Opérateurs de compétences : OPCO ?</h2>



<div id="wp-block-themeisle-blocks-advanced-columns-b146db79" class="wp-block-themeisle-blocks-advanced-columns has-1-columns has-desktop-equal-layout has-tablet-equal-layout has-mobile-equal-layout has-vertical-unset"><div class="wp-block-themeisle-blocks-advanced-columns-overlay"></div><div class="innerblocks-wrap">
<div id="wp-block-themeisle-blocks-advanced-column-8c3ed655" class="wp-block-themeisle-blocks-advanced-column .tooltip {  position: relative; display: inline-block; border-bottom: 1px dotted black; } .tooltiptext visibility: hidden; width: 120px; background-color: color: #fff; text-align: center; border-radius: 6px; padding: 5px 0; /* Position the tooltip */ absolute; z-index: 1; .tooltip:hover visible; ticss-65adae76">
<p>Le 1er&nbsp;avril 2019, onze opérateurs de compétences (<strong><mark style="background-color:rgba(0, 0, 0, 0)" class="has-inline-color has-nv-c-2-color">OCPO</mark></strong>), chargés d’accompagner la formation professionnelle, ont été agréés. Ils remplacent les anciens organismes paritaires collecteurs agréées (<strong><mark style="background-color:rgba(0, 0, 0, 0)" class="has-inline-color has-nv-c-2-color">OPCA</mark></strong>).<br>Ces opérateurs de compétences ont pour missions de financer l’apprentissage, d’aider les branches à construire les certifications professionnelles et d’accompagner les PME pour définir leurs besoins en formation.</p>



<h3 class="wp-block-heading">Quel est le rôle des opérateurs de compétences&nbsp; ?</h3>



<p>LES&nbsp;<strong><mark style="background-color:rgba(0, 0, 0, 0)" class="has-inline-color has-neve-link-color-color">OPCOS</mark></strong>&nbsp;ont pour mission :</p>



<ul class="wp-block-list">
<li>d’assurer le financement des contrats d’apprentissage et de professionnalisation, selon les niveaux de prise en charge fixés par les branches professionnelles&nbsp;;</li>



<li>d’apporter un appui technique aux branches professionnelles pour&nbsp;:</li>



<li>établir la gestion prévisionnelle de l’emploi et des compétences (GPEC)&nbsp;;</li>



<li>déterminer les niveaux de prise en charge des contrats d’apprentissage et des contrats de professionnalisation&nbsp;;</li>



<li>les accompagner dans leur mission de certification (construction des référentiels de certification qui décrivent précisément les capacités, compétences et savoirs exigés pour l’obtention de la certification visée)&nbsp;;</li>



<li>de favoriser la transition professionnelle des salariés, notamment par la mise en œuvre du compte personnel de formation dans le cadre des projets de transition professionnelle.</li>



<li>d’assurer un service de proximité au bénéfice des très petites, petites et moyennes entreprises, permettant&nbsp;:</li>



<li>d’améliorer l’information et l’accès des salariés de ces entreprises à la formation professionnelle&nbsp;;</li>



<li>d’accompagner ces entreprises dans l’analyse et la définition de leurs besoins en matière de formation professionnelle, notamment au regard des mutations économiques et techniques de leur secteur d’activité.</li>
</ul>



<h3 class="wp-block-heading ticss-fb8934ce"><em><strong><mark style="background-color:rgba(0, 0, 0, 0)" class="has-inline-color has-neve-link-color-color">IMPORTANT :</mark></strong></em></h3>



<p>Jusqu’à la date d’entrée en vigueur des dispositions relatives à la collecte par l’Urssaf ou la MSA, et au plus tard jusqu’au 31 décembre 2020, les&nbsp;<strong><mark style="background-color:rgba(0, 0, 0, 0)" class="has-inline-color has-neve-link-color-color">OPCO</mark></strong>&nbsp;sont agréés pour collecter les contributions des employeurs au titre du financement de la formation professionnelle et de l’alternance.<br>Jusqu’au 1er&nbsp;janvier 2021, les&nbsp;<strong><mark style="background-color:rgba(0, 0, 0, 0)" class="has-inline-color has-neve-link-color-color">OPCO</mark></strong>&nbsp;s’assurent, lorsqu’ils financent une action de formation professionnelle et sur la base de critères définis par décret en Conseil d’État, de la capacité du prestataire de formation à dispenser une formation de qualité.</p>



<p>Liste des opérateurs de compétences (OPCO)</p>



<p>Le regroupement des branches professionnelles autour d’un&nbsp;<strong><mark style="background-color:rgba(0, 0, 0, 0)" class="has-inline-color has-neve-link-color-color">OPCO</mark></strong> désigné, s’appuie sur les critères de cohérence des métiers et des compétences, de filières, d’enjeux communs de compétences, de formation, de mobilité, de services de proximité et de besoins des entreprises.​</p>



<p>Près de 329 branches sont réparties dans 11&nbsp;<strong><mark style="background-color:rgba(0, 0, 0, 0)" class="has-inline-color has-neve-link-color-color">OPCO</mark></strong>, au lieu des 20&nbsp;<strong><mark style="background-color:rgba(0, 0, 0, 0)" class="has-inline-color has-neve-link-color-color">OPCA</mark></strong>&nbsp;qui existaient auparavant.<br>Deux des 11&nbsp;<strong><mark style="background-color:rgba(0, 0, 0, 0)" class="has-inline-color has-neve-link-color-color">OPCO</mark></strong>&nbsp;ont un caractère interprofessionnel au sens de l’article L. 6332-1-1 du Code du travail.</p>
</div>
</div></div>



<div style="height:50px" aria-hidden="true" class="wp-block-spacer"></div>



<div class="wp-block-group alignfull has-background-color ticss-b6d689f7 has-neve-link-color-background-color has-background has-link-color has-medium-font-size wp-elements-144723183ce5420a6c5303a66ea4297c" style="min-height:40vh;margin-top:0;margin-bottom:0;padding-top:var(--wp--preset--spacing--60);padding-right:var(--wp--preset--spacing--40);padding-bottom:var(--wp--preset--spacing--60);padding-left:var(--wp--preset--spacing--40)"><div class="wp-block-group__inner-container is-layout-constrained wp-container-core-group-is-layout-27c39f3e wp-block-group-is-layout-constrained">
<div class="wp-block-columns alignwide has-small-font-size is-layout-flex wp-container-core-columns-is-layout-9d6595d7 wp-block-columns-is-layout-flex">
<div class="wp-block-column ticss-37c2d156 is-layout-flow wp-block-column-is-layout-flow">
<p class="has-text-align-center has-medium-font-size">1969 route royale</p>



<p class="has-text-align-center has-nv-site-bg-color has-text-color has-large-font-size">FACPLUS</p>



<p class="has-text-align-center has-medium-font-size">73190 Challes les eaux</p>



<p class="has-text-align-center has-nv-site-bg-color has-text-color has-medium-font-size">Ouverture au public</p>



<p class="has-text-align-center has-medium-font-size">Lundi au vendredi : 9:00 &#8211; 12:00 et 14:00 &#8211; 18:00</p>



<p class="has-text-align-center has-medium-font-size">Lundi matin, vendredi am, samedi matin sur RDV</p>
</div>



<div class="wp-block-column ticss-ef63ceff is-layout-flow wp-block-column-is-layout-flow"><nav class="has-text-color has-nv-site-bg-color has-medium-font-size items-justified-center is-vertical wp-block-navigation is-content-justification-center is-layout-flex wp-container-core-navigation-is-layout-9a7cdcfd wp-block-navigation-is-layout-flex" aria-label="web-agency-gb-main-menu"><ul class="wp-block-navigation__container has-text-color has-nv-site-bg-color has-medium-font-size items-justified-center is-vertical wp-block-navigation has-medium-font-size"><li class="has-medium-font-size wp-block-navigation-item menu-item menu-item-type-post_type menu-item-object-page menu-item-home ticss-a9e52769 wp-block-navigation-link"><a class="wp-block-navigation-item__content"  href="http://www.pc73.net/wpfacplus/" title=""><span class="wp-block-navigation-item__label">Accueil</span></a></li><li class="has-medium-font-size wp-block-navigation-item menu-item menu-item-type-post_type wp-block-navigation-link"><a class="wp-block-navigation-item__content"  href="http://www.pc73.net/wpfacplus/historique/" title=""><span class="wp-block-navigation-item__label">A propos de nous</span></a></li><li class="has-medium-font-size wp-block-navigation-item wp-block-navigation-link"><a class="wp-block-navigation-item__content"  href="https://goo.gl/maps/g7nTJkBkCCo" target="_blank"   title=""><span class="wp-block-navigation-item__label">Nous situer</span><span class="wp-block-navigation-item__description">Situation géographique FACPLUS</span></a></li><li class="has-medium-font-size wp-block-navigation-item  menu-item menu-item-type-post_type menu-item-object-page wp-block-navigation-link"><a class="wp-block-navigation-item__content"  href="http://www.pc73.net/wpfacplus/contact/" title=""><span class="wp-block-navigation-item__label">Contactez nous</span></a></li><li class="wp-block-navigation-item"><div class="is-default-size is-style-default wp-block-site-logo"><a href="http://www.pc73.net/wpfacplus/" class="custom-logo-link" rel="home"><img loading="lazy" decoding="async" width="367" height="376" src="http://www.pc73.net/wpfacplus/wp-content/uploads/2023/09/logo-fac1-min.png" class="custom-logo" alt="FacPlus" srcset="http://www.pc73.net/wpfacplus/wp-content/uploads/2023/09/logo-fac1-min.png 367w, http://www.pc73.net/wpfacplus/wp-content/uploads/2023/09/logo-fac1-min-293x300.png 293w" sizes="auto, (max-width: 367px) 100vw, 367px" /></a></div></li></ul></nav></div>



<div class="wp-block-column is-layout-flow wp-block-column-is-layout-flow">
<p class="has-text-align-center has-medium-font-size">Suivez-nous</p>



<div class="wp-block-group is-vertical is-content-justification-center is-layout-flex wp-container-core-group-is-layout-bdd043ae wp-block-group-is-layout-flex">
<p class="has-medium-font-size"><a href="https://www.facebook.com/FACPLUS.FR/" target="_blank" rel="noreferrer noopener">Facebook</a></p>



<p class="has-medium-font-size"><a href="https://www.linkedin.com/in/fac-plus/" target="_blank" rel="noreferrer noopener">Linkedin</a></p>



<p></p>
</div>



<div style="height:24px" aria-hidden="true" class="wp-block-spacer"></div>
</div>
</div>



<div class="wp-block-group alignwide is-content-justification-center is-layout-flex wp-container-core-group-is-layout-5590e8cb wp-block-group-is-layout-flex">
<p class="has-text-align-center has-small-font-size"> Développé par <mark style="background-color:rgba(0, 0, 0, 0)" class="has-inline-color has-nv-site-bg-color">FACPLUS</mark></p>
</div>
</div></div>

<p>Opérateurs de compétences : OPCO ? 1969 route royale FACPLUS 73190 Challes les eaux Ouverture au public Lundi au vendredi : 9:00 &#8211; 12:00 et 14:00 &#8211; 18:00 Lundi matin, vendredi am, samedi matin sur RDV Suivez-nous Facebook Linkedin Développé par FACPLUS</p>
