{"id":446,"date":"2023-08-24T10:39:36","date_gmt":"2023-08-24T08:39:36","guid":{"rendered":"http:\/\/www.pc73.net\/wpfacplus\/?page_id=446"},"modified":"2023-09-25T10:24:41","modified_gmt":"2023-09-25T08:24:41","slug":"historique","status":"publish","type":"page","link":"http:\/\/www.pc73.net\/wpfacplus\/historique\/","title":{"rendered":"Historique"},"content":{"rendered":"\n<div style=\"height:37px\" aria-hidden=\"true\" class=\"wp-block-spacer\"><\/div>\n\n\n\n<h1 class=\"wp-block-heading has-text-align-center animated backInLeft has-neve-link-hover-color-color has-text-color\">Historique<\/h1>\n\n\n\n<h2 class=\"wp-block-heading has-text-align-center\">Fr\u00e9d\u00e9ric PAYNON &#8211; V\u00e9ronique CASTAYBERT<\/h2>\n\n\n\n<h3 class=\"wp-block-heading has-text-align-center\">Fondateurs du centre de formation FACPLUS<\/h3>\n\n\n\n<hr class=\"wp-block-separator has-alpha-channel-opacity\"\/>\n\n\n\n<figure class=\"wp-block-gallery has-nested-images columns-default is-cropped wp-block-gallery-1 is-layout-flex wp-block-gallery-is-layout-flex\">\n<figure class=\"wp-block-image size-full is-resized ticss-c245bba4\" id=\"wp-block-themeisle-blocks-image-640de21b\"><img loading=\"lazy\" decoding=\"async\" data-id=\"466\" src=\"http:\/\/www.pc73.net\/wpfacplus\/wp-content\/uploads\/2023\/08\/fred.jpg\" alt=\"\" class=\"wp-image-466\" style=\"object-fit:cover;width:400px;height:400px\" width=\"400\" height=\"400\"\/><\/figure>\n\n\n<div class=\"wp-block-image ticss-31758ee3\">\n<figure class=\"aligncenter size-full is-resized\" id=\"wp-block-themeisle-blocks-image-a1ff3a38\"><img loading=\"lazy\" decoding=\"async\" data-id=\"467\" src=\"http:\/\/www.pc73.net\/wpfacplus\/wp-content\/uploads\/2023\/08\/vero.jpg\" alt=\"\" class=\"wp-image-467\" style=\"object-fit:cover;width:400px;height:400px\" width=\"400\" height=\"400\"\/><\/figure>\n<\/div><\/figure>\n\n\n\n<div style=\"height:100px\" aria-hidden=\"true\" class=\"wp-block-spacer\"><\/div>\n\n\n\n<p>Fr\u00e9d\u00e9ric PAYNON, fondateur du centre de formation FAC+ \u00e0 CHAMBERY, a commenc\u00e9 son parcours professionnel en tant que dirigeant d\u2019entreprise, technicien sup\u00e9rieur et formateur en informatique dans la soci\u00e9t\u00e9 PC73 situ\u00e9 \u00e0 BASSENS. Il a exerc\u00e9 son activit\u00e9 de 2001 jusqu\u2019\u00e0 2015. Il devient formateur ind\u00e9pendant en 2016 et lance son activit\u00e9 en solo pour intervenir aupr\u00e8s d\u2019autres centre de formations. Ses clients sont principalement des centres de formations.<\/p>\n\n\n\n<p class=\"has-neve-link-hover-color-color has-text-color\">Souhaitant donner une nouveau d\u00e9part \u00e0 sa carri\u00e8re, il entre dans une entreprise de formation priv\u00e9 bas\u00e9 en Savoie en 2017 en qualit\u00e9 de responsable du centre de formation jusqu\u2019en f\u00e9vrier 2018.&nbsp; Fort de cette exp\u00e9rience de 16 ans dans les domaines de la formation informatique et multim\u00e9dia. Nous avons pris la d\u00e9cision de cr\u00e9er FAC+.<\/p>\n\n\n\n<p>V\u00e9ronique CASTAYBERT, co-fondatrice du centre de formation FAC+ \u00e0 CHAMBERY, a commenc\u00e9 son parcours professionnel en tant que secr\u00e9taire de direction puis formatrice ind\u00e9pendante sp\u00e9cialis\u00e9e dans les domaines de la bureautique depuis 2009 aupr\u00e8s de diff\u00e9rents centre de formation. Elle obtient ses certifications PCIE et TOSA dans ses diff\u00e9rents domaines.<\/p>\n\n\n\n<p>Toute l\u2019\u00e9quipe est heureuse de vous accueillir dans ses locaux de Challes Les Eaux pour des formations de qualit\u00e9s et certifiantes\u2026<\/p>\n\n\n\n<div style=\"height:100px\" aria-hidden=\"true\" class=\"wp-block-spacer\"><\/div>\n\n\n\n<div class=\"wp-block-group alignfull has-background-color ticss-b6d689f7 has-neve-link-color-background-color has-background has-link-color has-medium-font-size wp-elements-144723183ce5420a6c5303a66ea4297c\" style=\"min-height:40vh;margin-top:0;margin-bottom:0;padding-top:var(--wp--preset--spacing--60);padding-right:var(--wp--preset--spacing--40);padding-bottom:var(--wp--preset--spacing--60);padding-left:var(--wp--preset--spacing--40)\"><div class=\"wp-block-group__inner-container is-layout-constrained wp-container-core-group-is-layout-27c39f3e wp-block-group-is-layout-constrained\">\n<div class=\"wp-block-columns alignwide has-small-font-size is-layout-flex wp-container-core-columns-is-layout-9d6595d7 wp-block-columns-is-layout-flex\">\n<div class=\"wp-block-column ticss-37c2d156 is-layout-flow wp-block-column-is-layout-flow\">\n<p class=\"has-text-align-center has-medium-font-size\">1969 route royale<\/p>\n\n\n\n<p class=\"has-text-align-center has-nv-site-bg-color has-text-color has-large-font-size\">FACPLUS<\/p>\n\n\n\n<p class=\"has-text-align-center has-medium-font-size\">73190 Challes les eaux<\/p>\n\n\n\n<p class=\"has-text-align-center has-nv-site-bg-color has-text-color has-medium-font-size\">Ouverture au public<\/p>\n\n\n\n<p class=\"has-text-align-center has-medium-font-size\">Lundi au vendredi : 9:00 &#8211; 12:00 et 14:00 &#8211; 18:00<\/p>\n\n\n\n<p class=\"has-text-align-center has-medium-font-size\">Lundi matin, vendredi am, samedi matin sur RDV<\/p>\n<\/div>\n\n\n\n<div class=\"wp-block-column ticss-ef63ceff is-layout-flow wp-block-column-is-layout-flow\"><nav class=\"has-text-color has-nv-site-bg-color has-medium-font-size items-justified-center is-vertical wp-block-navigation is-content-justification-center is-layout-flex wp-container-core-navigation-is-layout-9a7cdcfd wp-block-navigation-is-layout-flex\" aria-label=\"web-agency-gb-main-menu\"><ul class=\"wp-block-navigation__container has-text-color has-nv-site-bg-color has-medium-font-size items-justified-center is-vertical wp-block-navigation has-medium-font-size\"><li class=\"has-medium-font-size wp-block-navigation-item menu-item menu-item-type-post_type menu-item-object-page menu-item-home ticss-a9e52769 wp-block-navigation-link\"><a class=\"wp-block-navigation-item__content\"  href=\"http:\/\/www.pc73.net\/wpfacplus\/\" title=\"\"><span class=\"wp-block-navigation-item__label\">Accueil<\/span><\/a><\/li><li class=\"has-medium-font-size wp-block-navigation-item menu-item menu-item-type-post_type wp-block-navigation-link\"><a class=\"wp-block-navigation-item__content\"  href=\"http:\/\/www.pc73.net\/wpfacplus\/historique\/\" title=\"\"><span class=\"wp-block-navigation-item__label\">A propos de nous<\/span><\/a><\/li><li class=\"has-medium-font-size wp-block-navigation-item wp-block-navigation-link\"><a class=\"wp-block-navigation-item__content\"  href=\"https:\/\/goo.gl\/maps\/g7nTJkBkCCo\" target=\"_blank\"   title=\"\"><span class=\"wp-block-navigation-item__label\">Nous situer<\/span><span class=\"wp-block-navigation-item__description\">Situation g\u00e9ographique FACPLUS<\/span><\/a><\/li><li class=\"has-medium-font-size wp-block-navigation-item  menu-item menu-item-type-post_type menu-item-object-page wp-block-navigation-link\"><a class=\"wp-block-navigation-item__content\"  href=\"http:\/\/www.pc73.net\/wpfacplus\/contact\/\" title=\"\"><span class=\"wp-block-navigation-item__label\">Contactez nous<\/span><\/a><\/li><li class=\"wp-block-navigation-item\"><div class=\"is-default-size is-style-default wp-block-site-logo\"><a href=\"http:\/\/www.pc73.net\/wpfacplus\/\" class=\"custom-logo-link\" rel=\"home\"><img loading=\"lazy\" decoding=\"async\" width=\"367\" height=\"376\" src=\"http:\/\/www.pc73.net\/wpfacplus\/wp-content\/uploads\/2023\/09\/logo-fac1-min.png\" class=\"custom-logo\" alt=\"FacPlus\" srcset=\"http:\/\/www.pc73.net\/wpfacplus\/wp-content\/uploads\/2023\/09\/logo-fac1-min.png 367w, http:\/\/www.pc73.net\/wpfacplus\/wp-content\/uploads\/2023\/09\/logo-fac1-min-293x300.png 293w\" sizes=\"auto, (max-width: 367px) 100vw, 367px\" \/><\/a><\/div><\/li><\/ul><\/nav><\/div>\n\n\n\n<div class=\"wp-block-column is-layout-flow wp-block-column-is-layout-flow\">\n<p class=\"has-text-align-center has-medium-font-size\">Suivez-nous<\/p>\n\n\n\n<div class=\"wp-block-group is-vertical is-content-justification-center is-layout-flex wp-container-core-group-is-layout-bdd043ae wp-block-group-is-layout-flex\">\n<p class=\"has-medium-font-size\"><a href=\"https:\/\/www.facebook.com\/FACPLUS.FR\/\" target=\"_blank\" rel=\"noreferrer noopener\">Facebook<\/a><\/p>\n\n\n\n<p class=\"has-medium-font-size\"><a href=\"https:\/\/www.linkedin.com\/in\/fac-plus\/\" target=\"_blank\" rel=\"noreferrer noopener\">Linkedin<\/a><\/p>\n\n\n\n<p><\/p>\n<\/div>\n\n\n\n<div style=\"height:24px\" aria-hidden=\"true\" class=\"wp-block-spacer\"><\/div>\n<\/div>\n<\/div>\n\n\n\n<div class=\"wp-block-group alignwide is-content-justification-center is-layout-flex wp-container-core-group-is-layout-5590e8cb wp-block-group-is-layout-flex\">\n<p class=\"has-text-align-center has-small-font-size\"> D\u00e9velopp\u00e9 par <mark style=\"background-color:rgba(0, 0, 0, 0)\" class=\"has-inline-color has-nv-site-bg-color\">FACPLUS<\/mark><\/p>\n<\/div>\n<\/div><\/div>\n","protected":false},"excerpt":{"rendered":"<p>Historique Fr\u00e9d\u00e9ric PAYNON &#8211; V\u00e9ronique CASTAYBERT Fondateurs du centre de formation FACPLUS Fr\u00e9d\u00e9ric PAYNON, fondateur du centre de formation FAC+ \u00e0 CHAMBERY, a commenc\u00e9 son parcours professionnel en tant que dirigeant d\u2019entreprise, technicien sup\u00e9rieur et formateur en informatique dans la soci\u00e9t\u00e9 PC73 situ\u00e9 \u00e0 BASSENS. Il a exerc\u00e9 son activit\u00e9 de 2001 jusqu\u2019\u00e0 2015. Il&hellip;&nbsp;<a href=\"http:\/\/www.pc73.net\/wpfacplus\/historique\/\" class=\"\" rel=\"bookmark\">Lire la suite &raquo;<span class=\"screen-reader-text\">Historique<\/span><\/a><\/p>\n","protected":false},"author":2,"featured_media":0,"parent":0,"menu_order":0,"comment_status":"closed","ping_status":"closed","template":"","meta":{"neve_meta_sidebar":"","neve_meta_container":"","neve_meta_enable_content_width":"","neve_meta_content_width":0,"neve_meta_title_alignment":"","neve_meta_author_avatar":"","neve_post_elements_order":"","neve_meta_disable_header":"","neve_meta_disable_footer":"on","neve_meta_disable_title":"on","neve_meta_reading_time":"","_themeisle_gutenberg_block_has_review":false,"_ti_tpc_template_sync":false,"_ti_tpc_template_id":"","footnotes":""},"class_list":["post-446","page","type-page","status-publish","hentry"],"_links":{"self":[{"href":"http:\/\/www.pc73.net\/wpfacplus\/wp-json\/wp\/v2\/pages\/446","targetHints":{"allow":["GET"]}}],"collection":[{"href":"http:\/\/www.pc73.net\/wpfacplus\/wp-json\/wp\/v2\/pages"}],"about":[{"href":"http:\/\/www.pc73.net\/wpfacplus\/wp-json\/wp\/v2\/types\/page"}],"author":[{"embeddable":true,"href":"http:\/\/www.pc73.net\/wpfacplus\/wp-json\/wp\/v2\/users\/2"}],"replies":[{"embeddable":true,"href":"http:\/\/www.pc73.net\/wpfacplus\/wp-json\/wp\/v2\/comments?post=446"}],"version-history":[{"count":19,"href":"http:\/\/www.pc73.net\/wpfacplus\/wp-json\/wp\/v2\/pages\/446\/revisions"}],"predecessor-version":[{"id":1866,"href":"http:\/\/www.pc73.net\/wpfacplus\/wp-json\/wp\/v2\/pages\/446\/revisions\/1866"}],"wp:attachment":[{"href":"http:\/\/www.pc73.net\/wpfacplus\/wp-json\/wp\/v2\/media?parent=446"}],"curies":[{"name":"wp","href":"https:\/\/api.w.org\/{rel}","templated":true}]}}

<div style="height:37px" aria-hidden="true" class="wp-block-spacer"></div>



<h1 class="wp-block-heading has-text-align-center animated backInLeft has-neve-link-hover-color-color has-text-color">Historique</h1>



<h2 class="wp-block-heading has-text-align-center">Frédéric PAYNON &#8211; Véronique CASTAYBERT</h2>



<h3 class="wp-block-heading has-text-align-center">Fondateurs du centre de formation FACPLUS</h3>



<hr class="wp-block-separator has-alpha-channel-opacity"/>



<figure class="wp-block-gallery has-nested-images columns-default is-cropped wp-block-gallery-1 is-layout-flex wp-block-gallery-is-layout-flex">
<figure class="wp-block-image size-full is-resized ticss-c245bba4" id="wp-block-themeisle-blocks-image-640de21b"><img loading="lazy" decoding="async" data-id="466" src="http://www.pc73.net/wpfacplus/wp-content/uploads/2023/08/fred.jpg" alt="" class="wp-image-466" style="object-fit:cover;width:400px;height:400px" width="400" height="400"/></figure>


<div class="wp-block-image ticss-31758ee3">
<figure class="aligncenter size-full is-resized" id="wp-block-themeisle-blocks-image-a1ff3a38"><img loading="lazy" decoding="async" data-id="467" src="http://www.pc73.net/wpfacplus/wp-content/uploads/2023/08/vero.jpg" alt="" class="wp-image-467" style="object-fit:cover;width:400px;height:400px" width="400" height="400"/></figure>
</div></figure>



<div style="height:100px" aria-hidden="true" class="wp-block-spacer"></div>



<p>Frédéric PAYNON, fondateur du centre de formation FAC+ à CHAMBERY, a commencé son parcours professionnel en tant que dirigeant d’entreprise, technicien supérieur et formateur en informatique dans la société PC73 situé à BASSENS. Il a exercé son activité de 2001 jusqu’à 2015. Il devient formateur indépendant en 2016 et lance son activité en solo pour intervenir auprès d’autres centre de formations. Ses clients sont principalement des centres de formations.</p>



<p class="has-neve-link-hover-color-color has-text-color">Souhaitant donner une nouveau départ à sa carrière, il entre dans une entreprise de formation privé basé en Savoie en 2017 en qualité de responsable du centre de formation jusqu’en février 2018.&nbsp; Fort de cette expérience de 16 ans dans les domaines de la formation informatique et multimédia. Nous avons pris la décision de créer FAC+.</p>



<p>Véronique CASTAYBERT, co-fondatrice du centre de formation FAC+ à CHAMBERY, a commencé son parcours professionnel en tant que secrétaire de direction puis formatrice indépendante spécialisée dans les domaines de la bureautique depuis 2009 auprès de différents centre de formation. Elle obtient ses certifications PCIE et TOSA dans ses différents domaines.</p>



<p>Toute l’équipe est heureuse de vous accueillir dans ses locaux de Challes Les Eaux pour des formations de qualités et certifiantes…</p>



<div style="height:100px" aria-hidden="true" class="wp-block-spacer"></div>



<div class="wp-block-group alignfull has-background-color ticss-b6d689f7 has-neve-link-color-background-color has-background has-link-color has-medium-font-size wp-elements-144723183ce5420a6c5303a66ea4297c" style="min-height:40vh;margin-top:0;margin-bottom:0;padding-top:var(--wp--preset--spacing--60);padding-right:var(--wp--preset--spacing--40);padding-bottom:var(--wp--preset--spacing--60);padding-left:var(--wp--preset--spacing--40)"><div class="wp-block-group__inner-container is-layout-constrained wp-container-core-group-is-layout-27c39f3e wp-block-group-is-layout-constrained">
<div class="wp-block-columns alignwide has-small-font-size is-layout-flex wp-container-core-columns-is-layout-9d6595d7 wp-block-columns-is-layout-flex">
<div class="wp-block-column ticss-37c2d156 is-layout-flow wp-block-column-is-layout-flow">
<p class="has-text-align-center has-medium-font-size">1969 route royale</p>



<p class="has-text-align-center has-nv-site-bg-color has-text-color has-large-font-size">FACPLUS</p>



<p class="has-text-align-center has-medium-font-size">73190 Challes les eaux</p>



<p class="has-text-align-center has-nv-site-bg-color has-text-color has-medium-font-size">Ouverture au public</p>



<p class="has-text-align-center has-medium-font-size">Lundi au vendredi : 9:00 &#8211; 12:00 et 14:00 &#8211; 18:00</p>



<p class="has-text-align-center has-medium-font-size">Lundi matin, vendredi am, samedi matin sur RDV</p>
</div>



<div class="wp-block-column ticss-ef63ceff is-layout-flow wp-block-column-is-layout-flow"><nav class="has-text-color has-nv-site-bg-color has-medium-font-size items-justified-center is-vertical wp-block-navigation is-content-justification-center is-layout-flex wp-container-core-navigation-is-layout-9a7cdcfd wp-block-navigation-is-layout-flex" aria-label="web-agency-gb-main-menu"><ul class="wp-block-navigation__container has-text-color has-nv-site-bg-color has-medium-font-size items-justified-center is-vertical wp-block-navigation has-medium-font-size"><li class="has-medium-font-size wp-block-navigation-item menu-item menu-item-type-post_type menu-item-object-page menu-item-home ticss-a9e52769 wp-block-navigation-link"><a class="wp-block-navigation-item__content"  href="http://www.pc73.net/wpfacplus/" title=""><span class="wp-block-navigation-item__label">Accueil</span></a></li><li class="has-medium-font-size wp-block-navigation-item menu-item menu-item-type-post_type wp-block-navigation-link"><a class="wp-block-navigation-item__content"  href="http://www.pc73.net/wpfacplus/historique/" title=""><span class="wp-block-navigation-item__label">A propos de nous</span></a></li><li class="has-medium-font-size wp-block-navigation-item wp-block-navigation-link"><a class="wp-block-navigation-item__content"  href="https://goo.gl/maps/g7nTJkBkCCo" target="_blank"   title=""><span class="wp-block-navigation-item__label">Nous situer</span><span class="wp-block-navigation-item__description">Situation géographique FACPLUS</span></a></li><li class="has-medium-font-size wp-block-navigation-item  menu-item menu-item-type-post_type menu-item-object-page wp-block-navigation-link"><a class="wp-block-navigation-item__content"  href="http://www.pc73.net/wpfacplus/contact/" title=""><span class="wp-block-navigation-item__label">Contactez nous</span></a></li><li class="wp-block-navigation-item"><div class="is-default-size is-style-default wp-block-site-logo"><a href="http://www.pc73.net/wpfacplus/" class="custom-logo-link" rel="home"><img loading="lazy" decoding="async" width="367" height="376" src="http://www.pc73.net/wpfacplus/wp-content/uploads/2023/09/logo-fac1-min.png" class="custom-logo" alt="FacPlus" srcset="http://www.pc73.net/wpfacplus/wp-content/uploads/2023/09/logo-fac1-min.png 367w, http://www.pc73.net/wpfacplus/wp-content/uploads/2023/09/logo-fac1-min-293x300.png 293w" sizes="auto, (max-width: 367px) 100vw, 367px" /></a></div></li></ul></nav></div>



<div class="wp-block-column is-layout-flow wp-block-column-is-layout-flow">
<p class="has-text-align-center has-medium-font-size">Suivez-nous</p>



<div class="wp-block-group is-vertical is-content-justification-center is-layout-flex wp-container-core-group-is-layout-bdd043ae wp-block-group-is-layout-flex">
<p class="has-medium-font-size"><a href="https://www.facebook.com/FACPLUS.FR/" target="_blank" rel="noreferrer noopener">Facebook</a></p>



<p class="has-medium-font-size"><a href="https://www.linkedin.com/in/fac-plus/" target="_blank" rel="noreferrer noopener">Linkedin</a></p>



<p></p>
</div>



<div style="height:24px" aria-hidden="true" class="wp-block-spacer"></div>
</div>
</div>



<div class="wp-block-group alignwide is-content-justification-center is-layout-flex wp-container-core-group-is-layout-5590e8cb wp-block-group-is-layout-flex">
<p class="has-text-align-center has-small-font-size"> Développé par <mark style="background-color:rgba(0, 0, 0, 0)" class="has-inline-color has-nv-site-bg-color">FACPLUS</mark></p>
</div>
</div></div>

<p>Historique Frédéric PAYNON &#8211; Véronique CASTAYBERT Fondateurs du centre de formation FACPLUS Frédéric PAYNON, fondateur du centre de formation FAC+ à CHAMBERY, a commencé son parcours professionnel en tant que dirigeant d’entreprise, technicien supérieur et formateur en informatique dans la société PC73 situé à BASSENS. Il a exercé son activité de 2001 jusqu’à 2015. Il&hellip;&nbsp;<a href="http://www.pc73.net/wpfacplus/historique/" class="" rel="bookmark">Lire la suite &raquo;<span class="screen-reader-text">Historique</span></a></p>
