{"id":734,"date":"2023-08-25T16:45:07","date_gmt":"2023-08-25T14:45:07","guid":{"rendered":"http:\/\/www.pc73.net\/wpfacplus\/?page_id=734"},"modified":"2023-09-25T10:26:17","modified_gmt":"2023-09-25T08:26:17","slug":"recrutement","status":"publish","type":"page","link":"http:\/\/www.pc73.net\/wpfacplus\/recrutement\/","title":{"rendered":"Recrutement"},"content":{"rendered":"\n<div class=\"wp-block-cover is-light ticss-8fc971e3\"><span aria-hidden=\"true\" class=\"wp-block-cover__background has-background-dim\"><\/span><img loading=\"lazy\" decoding=\"async\" width=\"863\" height=\"411\" class=\"wp-block-cover__image-background wp-image-753\" alt=\"\" src=\"http:\/\/www.pc73.net\/wpfacplus\/wp-content\/uploads\/2023\/08\/recrut-min.jpg\" data-object-fit=\"cover\" srcset=\"http:\/\/www.pc73.net\/wpfacplus\/wp-content\/uploads\/2023\/08\/recrut-min.jpg 863w, http:\/\/www.pc73.net\/wpfacplus\/wp-content\/uploads\/2023\/08\/recrut-min-300x143.jpg 300w, http:\/\/www.pc73.net\/wpfacplus\/wp-content\/uploads\/2023\/08\/recrut-min-768x366.jpg 768w\" sizes=\"auto, (max-width: 863px) 100vw, 863px\" \/><div class=\"wp-block-cover__inner-container is-layout-constrained wp-block-cover-is-layout-constrained\">\n<p class=\"has-text-align-center ticss-8c462d4a has-nv-site-bg-color has-text-color\" style=\"font-size:50px\"><strong>Rejoignez notre \u00e9quipe<\/strong><\/p>\n<\/div><\/div>\n\n\n\n<div style=\"height:50px\" aria-hidden=\"true\" class=\"wp-block-spacer\"><\/div>\n\n\n\n<h2 class=\"wp-block-heading has-text-align-center has-neve-link-color-color has-text-color\">Conseiller commercial<\/h2>\n\n\n\n<p class=\"has-text-align-center\"><em>Sous la&nbsp; responsabilit\u00e9 du directeur commercial, vos principales missions sont les suivantes<\/em> :&nbsp;&nbsp;<\/p>\n\n\n\n<div id=\"wp-block-themeisle-blocks-advanced-columns-0da14f08\" class=\"wp-block-themeisle-blocks-advanced-columns has-1-columns has-desktop-equal-layout has-tablet-equal-layout has-mobile-equal-layout has-vertical-unset\"><div class=\"wp-block-themeisle-blocks-advanced-columns-overlay\"><\/div><div class=\"innerblocks-wrap\">\n<section id=\"wp-block-themeisle-blocks-advanced-column-5d6cf973\" class=\"wp-block-themeisle-blocks-advanced-column has-light-bg\">\n<ul class=\"wp-block-list\">\n<li>Vous d\u00e9veloppez la partie commerciale de nos prestations de formation dans la r\u00e9gion Auvergne-Rh\u00f4ne-Alpes. A ce titre, vous \u00eates responsable du d\u00e9veloppement de votre portefeuille clients et prospectez de nouveaux clients.<\/li>\n\n\n\n<li>Vous mettez en place la promotion et commercialisez la formation aupr\u00e8s des entreprises.<\/li>\n\n\n\n<li>Vous recueillez les besoins et r\u00e9alisez les offres adapt\u00e9es.<\/li>\n\n\n\n<li>Vous accompagnez vos clients dans la construction de leurs formations, les informer des modalit\u00e9s de mise en \u0153uvre et les financements associ\u00e9s.<\/li>\n\n\n\n<li>Vous vous assurez de la coh\u00e9rence et effectuez la mise \u00e0 jour des supports de communication, en veillant \u00e0 ce qu\u2019ils co\u00efncident avec la l\u00e9gislation en cours et les programmes du catalogue.<\/li>\n\n\n\n<li>Vous participez \u00e0 l\u2019\u00e9volution de l\u2019offre en recueillant les besoins (audit des entreprises) et recherchant les actions \u00e0 mettre en place.&nbsp;<\/li>\n\n\n\n<li>Vous montez et suivez les dossiers administratifs de vos clients pour assurer la prise en charge de la formation.<\/li>\n\n\n\n<li>Poste bas\u00e9 \u00e0 Challes les Eaux (Savoie)<\/li>\n<\/ul>\n<\/section>\n<\/div><\/div>\n\n\n\n<h2 class=\"wp-block-heading has-text-align-center has-neve-link-color-color has-text-color\">Profil souhait\u00e9<\/h2>\n\n\n\n<p class=\"has-text-align-center\">Contrat \u00e0 dur\u00e9e d\u00e9termin\u00e9e dans un premier temps et CDI possible ensuite si convient ou freelance<\/p>\n\n\n\n<div id=\"wp-block-themeisle-blocks-advanced-columns-2e2a4ca2\" class=\"wp-block-themeisle-blocks-advanced-columns has-1-columns has-desktop-equal-layout has-tablet-equal-layout has-mobile-equal-layout has-vertical-unset\"><div class=\"wp-block-themeisle-blocks-advanced-columns-overlay\"><\/div><div class=\"innerblocks-wrap\">\n<section id=\"wp-block-themeisle-blocks-advanced-column-37571331\" class=\"wp-block-themeisle-blocks-advanced-column has-light-bg\">\n<ul class=\"wp-block-list\">\n<li>Une exp\u00e9rience dans le domaine de la formation est souhait\u00e9e.<\/li>\n\n\n\n<li>Vous avez une culture num\u00e9rique et \u00eatre curieux(se) pour continuer \u00e0 apprendre. Les outils bureautiques seront vos outils quotidien et vous devez \u00eatre \u00e0 l&rsquo;aise avec Word, Excel, Gmail et Google Drive.<\/li>\n\n\n\n<li>Vous poss\u00e9dez un fort temp\u00e9rament commercial (enthousiasme, pers\u00e9v\u00e9rance\u2026).<\/li>\n\n\n\n<li>L&rsquo;esprit d&rsquo;\u00e9quipe et l&rsquo;\u00e9change font parties de vos valeurs.<\/li>\n\n\n\n<li>Vous avez \u00e0 c\u0153ur de participer au d\u00e9veloppement de votre mission, et \u00eates force de proposition pour optimiser votre activit\u00e9.<\/li>\n\n\n\n<li>Votre excellent relationnel et votre \u00e9coute vous permettront de cr\u00e9er des relations de qualit\u00e9 et d\u2019\u00eatre le\/la repr\u00e9sentant(e) de l\u2019entreprise.<\/li>\n\n\n\n<li>Vous serez dot\u00e9(e) d&rsquo;un ordinateur portable, tablette, imprimante mobile, t\u00e9l\u00e9phone portable et d&rsquo;un v\u00e9hicule de soci\u00e9t\u00e9.<\/li>\n<\/ul>\n<\/section>\n<\/div><\/div>\n\n\n\n<div class=\"wp-block-group alignfull has-background-color ticss-b6d689f7 has-neve-link-color-background-color has-background has-link-color has-medium-font-size wp-elements-144723183ce5420a6c5303a66ea4297c\" style=\"min-height:40vh;margin-top:0;margin-bottom:0;padding-top:var(--wp--preset--spacing--60);padding-right:var(--wp--preset--spacing--40);padding-bottom:var(--wp--preset--spacing--60);padding-left:var(--wp--preset--spacing--40)\"><div class=\"wp-block-group__inner-container is-layout-constrained wp-container-core-group-is-layout-27c39f3e wp-block-group-is-layout-constrained\">\n<div class=\"wp-block-columns alignwide has-small-font-size is-layout-flex wp-container-core-columns-is-layout-9d6595d7 wp-block-columns-is-layout-flex\">\n<div class=\"wp-block-column ticss-37c2d156 is-layout-flow wp-block-column-is-layout-flow\">\n<p class=\"has-text-align-center has-medium-font-size\">1969 route royale<\/p>\n\n\n\n<p class=\"has-text-align-center has-nv-site-bg-color has-text-color has-large-font-size\">FACPLUS<\/p>\n\n\n\n<p class=\"has-text-align-center has-medium-font-size\">73190 Challes les eaux<\/p>\n\n\n\n<p class=\"has-text-align-center has-nv-site-bg-color has-text-color has-medium-font-size\">Ouverture au public<\/p>\n\n\n\n<p class=\"has-text-align-center has-medium-font-size\">Lundi au vendredi : 9:00 &#8211; 12:00 et 14:00 &#8211; 18:00<\/p>\n\n\n\n<p class=\"has-text-align-center has-medium-font-size\">Lundi matin, vendredi am, samedi matin sur RDV<\/p>\n<\/div>\n\n\n\n<div class=\"wp-block-column ticss-ef63ceff is-layout-flow wp-block-column-is-layout-flow\"><nav class=\"has-text-color has-nv-site-bg-color has-medium-font-size items-justified-center is-vertical wp-block-navigation is-content-justification-center is-layout-flex wp-container-core-navigation-is-layout-9a7cdcfd wp-block-navigation-is-layout-flex\" aria-label=\"web-agency-gb-main-menu\"><ul class=\"wp-block-navigation__container has-text-color has-nv-site-bg-color has-medium-font-size items-justified-center is-vertical wp-block-navigation has-medium-font-size\"><li class=\"has-medium-font-size wp-block-navigation-item menu-item menu-item-type-post_type menu-item-object-page menu-item-home ticss-a9e52769 wp-block-navigation-link\"><a class=\"wp-block-navigation-item__content\"  href=\"http:\/\/www.pc73.net\/wpfacplus\/\" title=\"\"><span class=\"wp-block-navigation-item__label\">Accueil<\/span><\/a><\/li><li class=\"has-medium-font-size wp-block-navigation-item menu-item menu-item-type-post_type wp-block-navigation-link\"><a class=\"wp-block-navigation-item__content\"  href=\"http:\/\/www.pc73.net\/wpfacplus\/historique\/\" title=\"\"><span class=\"wp-block-navigation-item__label\">A propos de nous<\/span><\/a><\/li><li class=\"has-medium-font-size wp-block-navigation-item wp-block-navigation-link\"><a class=\"wp-block-navigation-item__content\"  href=\"https:\/\/goo.gl\/maps\/g7nTJkBkCCo\" target=\"_blank\"   title=\"\"><span class=\"wp-block-navigation-item__label\">Nous situer<\/span><span class=\"wp-block-navigation-item__description\">Situation g\u00e9ographique FACPLUS<\/span><\/a><\/li><li class=\"has-medium-font-size wp-block-navigation-item  menu-item menu-item-type-post_type menu-item-object-page wp-block-navigation-link\"><a class=\"wp-block-navigation-item__content\"  href=\"http:\/\/www.pc73.net\/wpfacplus\/contact\/\" title=\"\"><span class=\"wp-block-navigation-item__label\">Contactez nous<\/span><\/a><\/li><li class=\"wp-block-navigation-item\"><div class=\"is-default-size is-style-default wp-block-site-logo\"><a href=\"http:\/\/www.pc73.net\/wpfacplus\/\" class=\"custom-logo-link\" rel=\"home\"><img loading=\"lazy\" decoding=\"async\" width=\"367\" height=\"376\" src=\"http:\/\/www.pc73.net\/wpfacplus\/wp-content\/uploads\/2023\/09\/logo-fac1-min.png\" class=\"custom-logo\" alt=\"FacPlus\" srcset=\"http:\/\/www.pc73.net\/wpfacplus\/wp-content\/uploads\/2023\/09\/logo-fac1-min.png 367w, http:\/\/www.pc73.net\/wpfacplus\/wp-content\/uploads\/2023\/09\/logo-fac1-min-293x300.png 293w\" sizes=\"auto, (max-width: 367px) 100vw, 367px\" \/><\/a><\/div><\/li><\/ul><\/nav><\/div>\n\n\n\n<div class=\"wp-block-column is-layout-flow wp-block-column-is-layout-flow\">\n<p class=\"has-text-align-center has-medium-font-size\">Suivez-nous<\/p>\n\n\n\n<div class=\"wp-block-group is-vertical is-content-justification-center is-layout-flex wp-container-core-group-is-layout-bdd043ae wp-block-group-is-layout-flex\">\n<p class=\"has-medium-font-size\"><a href=\"https:\/\/www.facebook.com\/FACPLUS.FR\/\" target=\"_blank\" rel=\"noreferrer noopener\">Facebook<\/a><\/p>\n\n\n\n<p class=\"has-medium-font-size\"><a href=\"https:\/\/www.linkedin.com\/in\/fac-plus\/\" target=\"_blank\" rel=\"noreferrer noopener\">Linkedin<\/a><\/p>\n\n\n\n<p><\/p>\n<\/div>\n\n\n\n<div style=\"height:24px\" aria-hidden=\"true\" class=\"wp-block-spacer\"><\/div>\n<\/div>\n<\/div>\n\n\n\n<div class=\"wp-block-group alignwide is-content-justification-center is-layout-flex wp-container-core-group-is-layout-5590e8cb wp-block-group-is-layout-flex\">\n<p class=\"has-text-align-center has-small-font-size\"> D\u00e9velopp\u00e9 par <mark style=\"background-color:rgba(0, 0, 0, 0)\" class=\"has-inline-color has-nv-site-bg-color\">FACPLUS<\/mark><\/p>\n<\/div>\n<\/div><\/div>\n","protected":false},"excerpt":{"rendered":"<p>Conseiller commercial Sous la&nbsp; responsabilit\u00e9 du directeur commercial, vos principales missions sont les suivantes :&nbsp;&nbsp; Profil souhait\u00e9 Contrat \u00e0 dur\u00e9e d\u00e9termin\u00e9e dans un premier temps et CDI possible ensuite si convient ou freelance 1969 route royale FACPLUS 73190 Challes les eaux Ouverture au public Lundi au vendredi : 9:00 &#8211; 12:00 et 14:00 &#8211; 18:00&hellip;&nbsp;<a href=\"http:\/\/www.pc73.net\/wpfacplus\/recrutement\/\" class=\"\" rel=\"bookmark\">Lire la suite &raquo;<span class=\"screen-reader-text\">Recrutement<\/span><\/a><\/p>\n","protected":false},"author":2,"featured_media":0,"parent":0,"menu_order":0,"comment_status":"closed","ping_status":"closed","template":"","meta":{"neve_meta_sidebar":"","neve_meta_container":"full-width","neve_meta_enable_content_width":"","neve_meta_content_width":0,"neve_meta_title_alignment":"","neve_meta_author_avatar":"","neve_post_elements_order":"","neve_meta_disable_header":"","neve_meta_disable_footer":"on","neve_meta_disable_title":"on","neve_meta_reading_time":"","_themeisle_gutenberg_block_has_review":false,"_ti_tpc_template_sync":false,"_ti_tpc_template_id":"","footnotes":""},"class_list":["post-734","page","type-page","status-publish","hentry"],"_links":{"self":[{"href":"http:\/\/www.pc73.net\/wpfacplus\/wp-json\/wp\/v2\/pages\/734","targetHints":{"allow":["GET"]}}],"collection":[{"href":"http:\/\/www.pc73.net\/wpfacplus\/wp-json\/wp\/v2\/pages"}],"about":[{"href":"http:\/\/www.pc73.net\/wpfacplus\/wp-json\/wp\/v2\/types\/page"}],"author":[{"embeddable":true,"href":"http:\/\/www.pc73.net\/wpfacplus\/wp-json\/wp\/v2\/users\/2"}],"replies":[{"embeddable":true,"href":"http:\/\/www.pc73.net\/wpfacplus\/wp-json\/wp\/v2\/comments?post=734"}],"version-history":[{"count":22,"href":"http:\/\/www.pc73.net\/wpfacplus\/wp-json\/wp\/v2\/pages\/734\/revisions"}],"predecessor-version":[{"id":1870,"href":"http:\/\/www.pc73.net\/wpfacplus\/wp-json\/wp\/v2\/pages\/734\/revisions\/1870"}],"wp:attachment":[{"href":"http:\/\/www.pc73.net\/wpfacplus\/wp-json\/wp\/v2\/media?parent=734"}],"curies":[{"name":"wp","href":"https:\/\/api.w.org\/{rel}","templated":true}]}}

<div class="wp-block-cover is-light ticss-8fc971e3"><span aria-hidden="true" class="wp-block-cover__background has-background-dim"></span><img loading="lazy" decoding="async" width="863" height="411" class="wp-block-cover__image-background wp-image-753" alt="" src="http://www.pc73.net/wpfacplus/wp-content/uploads/2023/08/recrut-min.jpg" data-object-fit="cover" srcset="http://www.pc73.net/wpfacplus/wp-content/uploads/2023/08/recrut-min.jpg 863w, http://www.pc73.net/wpfacplus/wp-content/uploads/2023/08/recrut-min-300x143.jpg 300w, http://www.pc73.net/wpfacplus/wp-content/uploads/2023/08/recrut-min-768x366.jpg 768w" sizes="auto, (max-width: 863px) 100vw, 863px" /><div class="wp-block-cover__inner-container is-layout-constrained wp-block-cover-is-layout-constrained">
<p class="has-text-align-center ticss-8c462d4a has-nv-site-bg-color has-text-color" style="font-size:50px"><strong>Rejoignez notre équipe</strong></p>
</div></div>



<div style="height:50px" aria-hidden="true" class="wp-block-spacer"></div>



<h2 class="wp-block-heading has-text-align-center has-neve-link-color-color has-text-color">Conseiller commercial</h2>



<p class="has-text-align-center"><em>Sous la&nbsp; responsabilité du directeur commercial, vos principales missions sont les suivantes</em> :&nbsp;&nbsp;</p>



<div id="wp-block-themeisle-blocks-advanced-columns-0da14f08" class="wp-block-themeisle-blocks-advanced-columns has-1-columns has-desktop-equal-layout has-tablet-equal-layout has-mobile-equal-layout has-vertical-unset"><div class="wp-block-themeisle-blocks-advanced-columns-overlay"></div><div class="innerblocks-wrap">
<section id="wp-block-themeisle-blocks-advanced-column-5d6cf973" class="wp-block-themeisle-blocks-advanced-column has-light-bg">
<ul class="wp-block-list">
<li>Vous développez la partie commerciale de nos prestations de formation dans la région Auvergne-Rhône-Alpes. A ce titre, vous êtes responsable du développement de votre portefeuille clients et prospectez de nouveaux clients.</li>



<li>Vous mettez en place la promotion et commercialisez la formation auprès des entreprises.</li>



<li>Vous recueillez les besoins et réalisez les offres adaptées.</li>



<li>Vous accompagnez vos clients dans la construction de leurs formations, les informer des modalités de mise en œuvre et les financements associés.</li>



<li>Vous vous assurez de la cohérence et effectuez la mise à jour des supports de communication, en veillant à ce qu’ils coïncident avec la législation en cours et les programmes du catalogue.</li>



<li>Vous participez à l’évolution de l’offre en recueillant les besoins (audit des entreprises) et recherchant les actions à mettre en place.&nbsp;</li>



<li>Vous montez et suivez les dossiers administratifs de vos clients pour assurer la prise en charge de la formation.</li>



<li>Poste basé à Challes les Eaux (Savoie)</li>
</ul>
</section>
</div></div>



<h2 class="wp-block-heading has-text-align-center has-neve-link-color-color has-text-color">Profil souhaité</h2>



<p class="has-text-align-center">Contrat à durée déterminée dans un premier temps et CDI possible ensuite si convient ou freelance</p>



<div id="wp-block-themeisle-blocks-advanced-columns-2e2a4ca2" class="wp-block-themeisle-blocks-advanced-columns has-1-columns has-desktop-equal-layout has-tablet-equal-layout has-mobile-equal-layout has-vertical-unset"><div class="wp-block-themeisle-blocks-advanced-columns-overlay"></div><div class="innerblocks-wrap">
<section id="wp-block-themeisle-blocks-advanced-column-37571331" class="wp-block-themeisle-blocks-advanced-column has-light-bg">
<ul class="wp-block-list">
<li>Une expérience dans le domaine de la formation est souhaitée.</li>



<li>Vous avez une culture numérique et être curieux(se) pour continuer à apprendre. Les outils bureautiques seront vos outils quotidien et vous devez être à l&rsquo;aise avec Word, Excel, Gmail et Google Drive.</li>



<li>Vous possédez un fort tempérament commercial (enthousiasme, persévérance…).</li>



<li>L&rsquo;esprit d&rsquo;équipe et l&rsquo;échange font parties de vos valeurs.</li>



<li>Vous avez à cœur de participer au développement de votre mission, et êtes force de proposition pour optimiser votre activité.</li>



<li>Votre excellent relationnel et votre écoute vous permettront de créer des relations de qualité et d’être le/la représentant(e) de l’entreprise.</li>



<li>Vous serez doté(e) d&rsquo;un ordinateur portable, tablette, imprimante mobile, téléphone portable et d&rsquo;un véhicule de société.</li>
</ul>
</section>
</div></div>



<div class="wp-block-group alignfull has-background-color ticss-b6d689f7 has-neve-link-color-background-color has-background has-link-color has-medium-font-size wp-elements-144723183ce5420a6c5303a66ea4297c" style="min-height:40vh;margin-top:0;margin-bottom:0;padding-top:var(--wp--preset--spacing--60);padding-right:var(--wp--preset--spacing--40);padding-bottom:var(--wp--preset--spacing--60);padding-left:var(--wp--preset--spacing--40)"><div class="wp-block-group__inner-container is-layout-constrained wp-container-core-group-is-layout-27c39f3e wp-block-group-is-layout-constrained">
<div class="wp-block-columns alignwide has-small-font-size is-layout-flex wp-container-core-columns-is-layout-9d6595d7 wp-block-columns-is-layout-flex">
<div class="wp-block-column ticss-37c2d156 is-layout-flow wp-block-column-is-layout-flow">
<p class="has-text-align-center has-medium-font-size">1969 route royale</p>



<p class="has-text-align-center has-nv-site-bg-color has-text-color has-large-font-size">FACPLUS</p>



<p class="has-text-align-center has-medium-font-size">73190 Challes les eaux</p>



<p class="has-text-align-center has-nv-site-bg-color has-text-color has-medium-font-size">Ouverture au public</p>



<p class="has-text-align-center has-medium-font-size">Lundi au vendredi : 9:00 &#8211; 12:00 et 14:00 &#8211; 18:00</p>



<p class="has-text-align-center has-medium-font-size">Lundi matin, vendredi am, samedi matin sur RDV</p>
</div>



<div class="wp-block-column ticss-ef63ceff is-layout-flow wp-block-column-is-layout-flow"><nav class="has-text-color has-nv-site-bg-color has-medium-font-size items-justified-center is-vertical wp-block-navigation is-content-justification-center is-layout-flex wp-container-core-navigation-is-layout-9a7cdcfd wp-block-navigation-is-layout-flex" aria-label="web-agency-gb-main-menu"><ul class="wp-block-navigation__container has-text-color has-nv-site-bg-color has-medium-font-size items-justified-center is-vertical wp-block-navigation has-medium-font-size"><li class="has-medium-font-size wp-block-navigation-item menu-item menu-item-type-post_type menu-item-object-page menu-item-home ticss-a9e52769 wp-block-navigation-link"><a class="wp-block-navigation-item__content"  href="http://www.pc73.net/wpfacplus/" title=""><span class="wp-block-navigation-item__label">Accueil</span></a></li><li class="has-medium-font-size wp-block-navigation-item menu-item menu-item-type-post_type wp-block-navigation-link"><a class="wp-block-navigation-item__content"  href="http://www.pc73.net/wpfacplus/historique/" title=""><span class="wp-block-navigation-item__label">A propos de nous</span></a></li><li class="has-medium-font-size wp-block-navigation-item wp-block-navigation-link"><a class="wp-block-navigation-item__content"  href="https://goo.gl/maps/g7nTJkBkCCo" target="_blank"   title=""><span class="wp-block-navigation-item__label">Nous situer</span><span class="wp-block-navigation-item__description">Situation géographique FACPLUS</span></a></li><li class="has-medium-font-size wp-block-navigation-item  menu-item menu-item-type-post_type menu-item-object-page wp-block-navigation-link"><a class="wp-block-navigation-item__content"  href="http://www.pc73.net/wpfacplus/contact/" title=""><span class="wp-block-navigation-item__label">Contactez nous</span></a></li><li class="wp-block-navigation-item"><div class="is-default-size is-style-default wp-block-site-logo"><a href="http://www.pc73.net/wpfacplus/" class="custom-logo-link" rel="home"><img loading="lazy" decoding="async" width="367" height="376" src="http://www.pc73.net/wpfacplus/wp-content/uploads/2023/09/logo-fac1-min.png" class="custom-logo" alt="FacPlus" srcset="http://www.pc73.net/wpfacplus/wp-content/uploads/2023/09/logo-fac1-min.png 367w, http://www.pc73.net/wpfacplus/wp-content/uploads/2023/09/logo-fac1-min-293x300.png 293w" sizes="auto, (max-width: 367px) 100vw, 367px" /></a></div></li></ul></nav></div>



<div class="wp-block-column is-layout-flow wp-block-column-is-layout-flow">
<p class="has-text-align-center has-medium-font-size">Suivez-nous</p>



<div class="wp-block-group is-vertical is-content-justification-center is-layout-flex wp-container-core-group-is-layout-bdd043ae wp-block-group-is-layout-flex">
<p class="has-medium-font-size"><a href="https://www.facebook.com/FACPLUS.FR/" target="_blank" rel="noreferrer noopener">Facebook</a></p>



<p class="has-medium-font-size"><a href="https://www.linkedin.com/in/fac-plus/" target="_blank" rel="noreferrer noopener">Linkedin</a></p>



<p></p>
</div>



<div style="height:24px" aria-hidden="true" class="wp-block-spacer"></div>
</div>
</div>



<div class="wp-block-group alignwide is-content-justification-center is-layout-flex wp-container-core-group-is-layout-5590e8cb wp-block-group-is-layout-flex">
<p class="has-text-align-center has-small-font-size"> Développé par <mark style="background-color:rgba(0, 0, 0, 0)" class="has-inline-color has-nv-site-bg-color">FACPLUS</mark></p>
</div>
</div></div>

<p>Conseiller commercial Sous la&nbsp; responsabilité du directeur commercial, vos principales missions sont les suivantes :&nbsp;&nbsp; Profil souhaité Contrat à durée déterminée dans un premier temps et CDI possible ensuite si convient ou freelance 1969 route royale FACPLUS 73190 Challes les eaux Ouverture au public Lundi au vendredi : 9:00 &#8211; 12:00 et 14:00 &#8211; 18:00&hellip;&nbsp;<a href="http://www.pc73.net/wpfacplus/recrutement/" class="" rel="bookmark">Lire la suite &raquo;<span class="screen-reader-text">Recrutement</span></a></p>
