{"id":786,"date":"2023-08-28T11:00:42","date_gmt":"2023-08-28T09:00:42","guid":{"rendered":"http:\/\/www.pc73.net\/wpfacplus\/?page_id=786"},"modified":"2023-09-25T15:00:07","modified_gmt":"2023-09-25T13:00:07","slug":"suivi-pedagogique","status":"publish","type":"page","link":"http:\/\/www.pc73.net\/wpfacplus\/suivi-pedagogique\/","title":{"rendered":"Suivi p\u00e9dagogique"},"content":{"rendered":"\n<div class=\"wp-block-cover is-light ticss-9299375a\"><span aria-hidden=\"true\" class=\"wp-block-cover__background has-background-dim\"><\/span><img loading=\"lazy\" decoding=\"async\" width=\"863\" height=\"411\" class=\"wp-block-cover__image-background wp-image-791\" alt=\"\" src=\"http:\/\/www.pc73.net\/wpfacplus\/wp-content\/uploads\/2023\/08\/suivi-min.jpg\" data-object-fit=\"cover\" srcset=\"http:\/\/www.pc73.net\/wpfacplus\/wp-content\/uploads\/2023\/08\/suivi-min.jpg 863w, http:\/\/www.pc73.net\/wpfacplus\/wp-content\/uploads\/2023\/08\/suivi-min-300x143.jpg 300w, http:\/\/www.pc73.net\/wpfacplus\/wp-content\/uploads\/2023\/08\/suivi-min-768x366.jpg 768w\" sizes=\"auto, (max-width: 863px) 100vw, 863px\" \/><div class=\"wp-block-cover__inner-container is-layout-constrained wp-block-cover-is-layout-constrained\">\n<p class=\"has-text-align-center ticss-65076dfb has-nv-site-bg-color has-text-color has-x-large-font-size\"><\/p>\n<\/div><\/div>\n\n\n\n<div style=\"height:50px\" aria-hidden=\"true\" class=\"wp-block-spacer\"><\/div>\n\n\n\n<h1 class=\"wp-block-heading has-text-align-center\">Le suivi p\u00e9dagogique ?<\/h1>\n\n\n\n<h2 class=\"wp-block-heading has-text-align-center has-neve-link-color-color has-text-color\">La formation se termine par votre certification et ensuite&#8230;<\/h2>\n\n\n\n<div id=\"wp-block-themeisle-blocks-advanced-columns-ed7f8613\" class=\"wp-block-themeisle-blocks-advanced-columns has-1-columns has-desktop-equal-layout has-tablet-equal-layout has-mobile-equal-layout has-vertical-unset\"><div class=\"wp-block-themeisle-blocks-advanced-columns-overlay\"><\/div><div class=\"innerblocks-wrap\">\n<div id=\"wp-block-themeisle-blocks-advanced-column-13f51ce2\" class=\"wp-block-themeisle-blocks-advanced-column ticss-4774b463\">\n<p class=\"has-text-align-left\">A la fin de votre formation, vous devrez passer votre certification. Tr\u00e8s souvent, les apprenants perdent une grande partie de leur apprentissage sans pratique du logiciel ou de la langue \u00e9trang\u00e8re. <strong>FAC PLUS<\/strong> repousse l&rsquo;engagement du suivi p\u00e9dagogique du simple contact pour une \u00e9valuation \u00e0 froid du processus de formation quelques mois apr\u00e8s.<\/p>\n\n\n\n<p class=\"has-text-align-left\">Nous proposons, depuis la rentr\u00e9e 2019, la possibilit\u00e9 pour ceux et celles qui se sont inscrits dans notre centre de participer \u00e0 des ateliers p\u00e9dagogiques sur les logiciels appris ainsi que les langues \u00e9trang\u00e8res. L&rsquo;inscription \u00e0 ces ateliers sont gratuits. Cependant vous devrez remplir les conditions suivantes :<\/p>\n\n\n\n<div class=\"wp-block-media-text alignwide is-stacked-on-mobile ticss-8f5363a1\" style=\"grid-template-columns:15% auto\"><figure class=\"wp-block-media-text__media\"><img loading=\"lazy\" decoding=\"async\" width=\"329\" height=\"315\" src=\"http:\/\/www.pc73.net\/wpfacplus\/wp-content\/uploads\/2023\/08\/Perso1-min.png\" alt=\"\" class=\"wp-image-795 size-full\" srcset=\"http:\/\/www.pc73.net\/wpfacplus\/wp-content\/uploads\/2023\/08\/Perso1-min.png 329w, http:\/\/www.pc73.net\/wpfacplus\/wp-content\/uploads\/2023\/08\/Perso1-min-300x287.png 300w\" sizes=\"auto, (max-width: 329px) 100vw, 329px\" \/><\/figure><div class=\"wp-block-media-text__content\">\n<ul class=\"wp-block-list\">\n<li>Avoir participer \u00e0 une formation dans notre centre<\/li>\n\n\n\n<li>Validit\u00e9 d&rsquo;inscription de <strong>1an<\/strong> \u00e0 partir de votre date de fin de formation<\/li>\n\n\n\n<li>Participation uniquement sur les ateliers correspondant \u00e0 votre formation de d\u00e9part<\/li>\n\n\n\n<li>Se conformer aux dates choisies par le centre pour la participation aux ateliers<\/li>\n<\/ul>\n<\/div><\/div>\n\n\n\n<div style=\"height:50px\" aria-hidden=\"true\" class=\"wp-block-spacer\"><\/div>\n\n\n\n<h2 class=\"wp-block-heading has-text-align-center ticss-87857be4 has-neve-link-color-color has-text-color\">Les ateliers : comment s&rsquo;inscrire ?<\/h2>\n\n\n\n<p class=\"has-text-align-left\">Pour s&rsquo;inscrire aux ateliers de formation, vous pouvez utiliser le formulaire de contact&nbsp;ou nous contacter par email ou par t\u00e9l\u00e9phone.<\/p>\n\n\n\n<p class=\"has-text-align-left\">Attention, le nombre de place est limit\u00e9 \u00e0 10 personnes par ateliers. Si toutefois vous n&rsquo;avez plus de place disponible, vous pourrez vous inscrire sur le prochain atelier. L&rsquo;\u00e9quipe <mark style=\"background-color:rgba(0, 0, 0, 0)\" class=\"has-inline-color has-neve-link-hover-color-color\"><strong>FACPLUS<\/strong><\/mark> se tient \u00e0 votre disposition pour de plus amples explications.<\/p>\n<\/div>\n<\/div><\/div>\n\n\n\n<div style=\"height:50px\" aria-hidden=\"true\" class=\"wp-block-spacer\"><\/div>\n\n\n\n<div class=\"wp-block-group alignfull has-background-color ticss-b6d689f7 has-neve-link-color-background-color has-background has-link-color has-medium-font-size wp-elements-144723183ce5420a6c5303a66ea4297c\" style=\"min-height:40vh;margin-top:0;margin-bottom:0;padding-top:var(--wp--preset--spacing--60);padding-right:var(--wp--preset--spacing--40);padding-bottom:var(--wp--preset--spacing--60);padding-left:var(--wp--preset--spacing--40)\"><div class=\"wp-block-group__inner-container is-layout-constrained wp-container-core-group-is-layout-27c39f3e wp-block-group-is-layout-constrained\">\n<div class=\"wp-block-columns alignwide has-small-font-size is-layout-flex wp-container-core-columns-is-layout-9d6595d7 wp-block-columns-is-layout-flex\">\n<div class=\"wp-block-column ticss-37c2d156 is-layout-flow wp-block-column-is-layout-flow\">\n<p class=\"has-text-align-center has-medium-font-size\">1969 route royale<\/p>\n\n\n\n<p class=\"has-text-align-center has-nv-site-bg-color has-text-color has-large-font-size\">FACPLUS<\/p>\n\n\n\n<p class=\"has-text-align-center has-medium-font-size\">73190 Challes les eaux<\/p>\n\n\n\n<p class=\"has-text-align-center has-nv-site-bg-color has-text-color has-medium-font-size\">Ouverture au public<\/p>\n\n\n\n<p class=\"has-text-align-center has-medium-font-size\">Lundi au vendredi : 9:00 &#8211; 12:00 et 14:00 &#8211; 18:00<\/p>\n\n\n\n<p class=\"has-text-align-center has-medium-font-size\">Lundi matin, vendredi am, samedi matin sur RDV<\/p>\n<\/div>\n\n\n\n<div class=\"wp-block-column ticss-ef63ceff is-layout-flow wp-block-column-is-layout-flow\"><nav class=\"has-text-color has-nv-site-bg-color has-medium-font-size items-justified-center is-vertical wp-block-navigation is-content-justification-center is-layout-flex wp-container-core-navigation-is-layout-9a7cdcfd wp-block-navigation-is-layout-flex\" aria-label=\"web-agency-gb-main-menu\"><ul class=\"wp-block-navigation__container has-text-color has-nv-site-bg-color has-medium-font-size items-justified-center is-vertical wp-block-navigation has-medium-font-size\"><li class=\"has-medium-font-size wp-block-navigation-item menu-item menu-item-type-post_type menu-item-object-page menu-item-home ticss-a9e52769 wp-block-navigation-link\"><a class=\"wp-block-navigation-item__content\"  href=\"http:\/\/www.pc73.net\/wpfacplus\/\" title=\"\"><span class=\"wp-block-navigation-item__label\">Accueil<\/span><\/a><\/li><li class=\"has-medium-font-size wp-block-navigation-item menu-item menu-item-type-post_type wp-block-navigation-link\"><a class=\"wp-block-navigation-item__content\"  href=\"http:\/\/www.pc73.net\/wpfacplus\/historique\/\" title=\"\"><span class=\"wp-block-navigation-item__label\">A propos de nous<\/span><\/a><\/li><li class=\"has-medium-font-size wp-block-navigation-item wp-block-navigation-link\"><a class=\"wp-block-navigation-item__content\"  href=\"https:\/\/goo.gl\/maps\/g7nTJkBkCCo\" target=\"_blank\"   title=\"\"><span class=\"wp-block-navigation-item__label\">Nous situer<\/span><span class=\"wp-block-navigation-item__description\">Situation g\u00e9ographique FACPLUS<\/span><\/a><\/li><li class=\"has-medium-font-size wp-block-navigation-item  menu-item menu-item-type-post_type menu-item-object-page wp-block-navigation-link\"><a class=\"wp-block-navigation-item__content\"  href=\"http:\/\/www.pc73.net\/wpfacplus\/contact\/\" title=\"\"><span class=\"wp-block-navigation-item__label\">Contactez nous<\/span><\/a><\/li><li class=\"wp-block-navigation-item\"><div class=\"is-default-size is-style-default wp-block-site-logo\"><a href=\"http:\/\/www.pc73.net\/wpfacplus\/\" class=\"custom-logo-link\" rel=\"home\"><img loading=\"lazy\" decoding=\"async\" width=\"367\" height=\"376\" src=\"http:\/\/www.pc73.net\/wpfacplus\/wp-content\/uploads\/2023\/09\/logo-fac1-min.png\" class=\"custom-logo\" alt=\"FacPlus\" srcset=\"http:\/\/www.pc73.net\/wpfacplus\/wp-content\/uploads\/2023\/09\/logo-fac1-min.png 367w, http:\/\/www.pc73.net\/wpfacplus\/wp-content\/uploads\/2023\/09\/logo-fac1-min-293x300.png 293w\" sizes=\"auto, (max-width: 367px) 100vw, 367px\" \/><\/a><\/div><\/li><\/ul><\/nav><\/div>\n\n\n\n<div class=\"wp-block-column is-layout-flow wp-block-column-is-layout-flow\">\n<p class=\"has-text-align-center has-medium-font-size\">Suivez-nous<\/p>\n\n\n\n<div class=\"wp-block-group is-vertical is-content-justification-center is-layout-flex wp-container-core-group-is-layout-bdd043ae wp-block-group-is-layout-flex\">\n<p class=\"has-medium-font-size\"><a href=\"https:\/\/www.facebook.com\/FACPLUS.FR\/\" target=\"_blank\" rel=\"noreferrer noopener\">Facebook<\/a><\/p>\n\n\n\n<p class=\"has-medium-font-size\"><a href=\"https:\/\/www.linkedin.com\/in\/fac-plus\/\" target=\"_blank\" rel=\"noreferrer noopener\">Linkedin<\/a><\/p>\n\n\n\n<p><\/p>\n<\/div>\n\n\n\n<div style=\"height:24px\" aria-hidden=\"true\" class=\"wp-block-spacer\"><\/div>\n<\/div>\n<\/div>\n\n\n\n<div class=\"wp-block-group alignwide is-content-justification-center is-layout-flex wp-container-core-group-is-layout-5590e8cb wp-block-group-is-layout-flex\">\n<p class=\"has-text-align-center has-small-font-size\"> D\u00e9velopp\u00e9 par <mark style=\"background-color:rgba(0, 0, 0, 0)\" class=\"has-inline-color has-nv-site-bg-color\">FACPLUS<\/mark><\/p>\n<\/div>\n<\/div><\/div>\n","protected":false},"excerpt":{"rendered":"<p>Le suivi p\u00e9dagogique ? La formation se termine par votre certification et ensuite&#8230; 1969 route royale FACPLUS 73190 Challes les eaux Ouverture au public Lundi au vendredi : 9:00 &#8211; 12:00 et 14:00 &#8211; 18:00 Lundi matin, vendredi am, samedi matin sur RDV Suivez-nous Facebook Linkedin D\u00e9velopp\u00e9 par FACPLUS<\/p>\n","protected":false},"author":2,"featured_media":0,"parent":0,"menu_order":0,"comment_status":"closed","ping_status":"closed","template":"","meta":{"neve_meta_sidebar":"","neve_meta_container":"full-width","neve_meta_enable_content_width":"","neve_meta_content_width":0,"neve_meta_title_alignment":"","neve_meta_author_avatar":"","neve_post_elements_order":"","neve_meta_disable_header":"","neve_meta_disable_footer":"on","neve_meta_disable_title":"on","neve_meta_reading_time":"","_themeisle_gutenberg_block_has_review":false,"_ti_tpc_template_sync":false,"_ti_tpc_template_id":"","footnotes":""},"class_list":["post-786","page","type-page","status-publish","hentry"],"_links":{"self":[{"href":"http:\/\/www.pc73.net\/wpfacplus\/wp-json\/wp\/v2\/pages\/786","targetHints":{"allow":["GET"]}}],"collection":[{"href":"http:\/\/www.pc73.net\/wpfacplus\/wp-json\/wp\/v2\/pages"}],"about":[{"href":"http:\/\/www.pc73.net\/wpfacplus\/wp-json\/wp\/v2\/types\/page"}],"author":[{"embeddable":true,"href":"http:\/\/www.pc73.net\/wpfacplus\/wp-json\/wp\/v2\/users\/2"}],"replies":[{"embeddable":true,"href":"http:\/\/www.pc73.net\/wpfacplus\/wp-json\/wp\/v2\/comments?post=786"}],"version-history":[{"count":24,"href":"http:\/\/www.pc73.net\/wpfacplus\/wp-json\/wp\/v2\/pages\/786\/revisions"}],"predecessor-version":[{"id":2004,"href":"http:\/\/www.pc73.net\/wpfacplus\/wp-json\/wp\/v2\/pages\/786\/revisions\/2004"}],"wp:attachment":[{"href":"http:\/\/www.pc73.net\/wpfacplus\/wp-json\/wp\/v2\/media?parent=786"}],"curies":[{"name":"wp","href":"https:\/\/api.w.org\/{rel}","templated":true}]}}

Suivi pédagogique

<div class="wp-block-cover is-light ticss-9299375a"><span aria-hidden="true" class="wp-block-cover__background has-background-dim"></span><img loading="lazy" decoding="async" width="863" height="411" class="wp-block-cover__image-background wp-image-791" alt="" src="http://www.pc73.net/wpfacplus/wp-content/uploads/2023/08/suivi-min.jpg" data-object-fit="cover" srcset="http://www.pc73.net/wpfacplus/wp-content/uploads/2023/08/suivi-min.jpg 863w, http://www.pc73.net/wpfacplus/wp-content/uploads/2023/08/suivi-min-300x143.jpg 300w, http://www.pc73.net/wpfacplus/wp-content/uploads/2023/08/suivi-min-768x366.jpg 768w" sizes="auto, (max-width: 863px) 100vw, 863px" /><div class="wp-block-cover__inner-container is-layout-constrained wp-block-cover-is-layout-constrained">
<p class="has-text-align-center ticss-65076dfb has-nv-site-bg-color has-text-color has-x-large-font-size"></p>
</div></div>



<div style="height:50px" aria-hidden="true" class="wp-block-spacer"></div>



<h1 class="wp-block-heading has-text-align-center">Le suivi pédagogique ?</h1>



<h2 class="wp-block-heading has-text-align-center has-neve-link-color-color has-text-color">La formation se termine par votre certification et ensuite&#8230;</h2>



<div id="wp-block-themeisle-blocks-advanced-columns-ed7f8613" class="wp-block-themeisle-blocks-advanced-columns has-1-columns has-desktop-equal-layout has-tablet-equal-layout has-mobile-equal-layout has-vertical-unset"><div class="wp-block-themeisle-blocks-advanced-columns-overlay"></div><div class="innerblocks-wrap">
<div id="wp-block-themeisle-blocks-advanced-column-13f51ce2" class="wp-block-themeisle-blocks-advanced-column ticss-4774b463">
<p class="has-text-align-left">A la fin de votre formation, vous devrez passer votre certification. Très souvent, les apprenants perdent une grande partie de leur apprentissage sans pratique du logiciel ou de la langue étrangère. <strong>FAC PLUS</strong> repousse l&rsquo;engagement du suivi pédagogique du simple contact pour une évaluation à froid du processus de formation quelques mois après.</p>



<p class="has-text-align-left">Nous proposons, depuis la rentrée 2019, la possibilité pour ceux et celles qui se sont inscrits dans notre centre de participer à des ateliers pédagogiques sur les logiciels appris ainsi que les langues étrangères. L&rsquo;inscription à ces ateliers sont gratuits. Cependant vous devrez remplir les conditions suivantes :</p>



<div class="wp-block-media-text alignwide is-stacked-on-mobile ticss-8f5363a1" style="grid-template-columns:15% auto"><figure class="wp-block-media-text__media"><img loading="lazy" decoding="async" width="329" height="315" src="http://www.pc73.net/wpfacplus/wp-content/uploads/2023/08/Perso1-min.png" alt="" class="wp-image-795 size-full" srcset="http://www.pc73.net/wpfacplus/wp-content/uploads/2023/08/Perso1-min.png 329w, http://www.pc73.net/wpfacplus/wp-content/uploads/2023/08/Perso1-min-300x287.png 300w" sizes="auto, (max-width: 329px) 100vw, 329px" /></figure><div class="wp-block-media-text__content">
<ul class="wp-block-list">
<li>Avoir participer à une formation dans notre centre</li>



<li>Validité d&rsquo;inscription de <strong>1an</strong> à partir de votre date de fin de formation</li>



<li>Participation uniquement sur les ateliers correspondant à votre formation de départ</li>



<li>Se conformer aux dates choisies par le centre pour la participation aux ateliers</li>
</ul>
</div></div>



<div style="height:50px" aria-hidden="true" class="wp-block-spacer"></div>



<h2 class="wp-block-heading has-text-align-center ticss-87857be4 has-neve-link-color-color has-text-color">Les ateliers : comment s&rsquo;inscrire ?</h2>



<p class="has-text-align-left">Pour s&rsquo;inscrire aux ateliers de formation, vous pouvez utiliser le formulaire de contact&nbsp;ou nous contacter par email ou par téléphone.</p>



<p class="has-text-align-left">Attention, le nombre de place est limité à 10 personnes par ateliers. Si toutefois vous n&rsquo;avez plus de place disponible, vous pourrez vous inscrire sur le prochain atelier. L&rsquo;équipe <mark style="background-color:rgba(0, 0, 0, 0)" class="has-inline-color has-neve-link-hover-color-color"><strong>FACPLUS</strong></mark> se tient à votre disposition pour de plus amples explications.</p>
</div>
</div></div>



<div style="height:50px" aria-hidden="true" class="wp-block-spacer"></div>



<div class="wp-block-group alignfull has-background-color ticss-b6d689f7 has-neve-link-color-background-color has-background has-link-color has-medium-font-size wp-elements-144723183ce5420a6c5303a66ea4297c" style="min-height:40vh;margin-top:0;margin-bottom:0;padding-top:var(--wp--preset--spacing--60);padding-right:var(--wp--preset--spacing--40);padding-bottom:var(--wp--preset--spacing--60);padding-left:var(--wp--preset--spacing--40)"><div class="wp-block-group__inner-container is-layout-constrained wp-container-core-group-is-layout-27c39f3e wp-block-group-is-layout-constrained">
<div class="wp-block-columns alignwide has-small-font-size is-layout-flex wp-container-core-columns-is-layout-9d6595d7 wp-block-columns-is-layout-flex">
<div class="wp-block-column ticss-37c2d156 is-layout-flow wp-block-column-is-layout-flow">
<p class="has-text-align-center has-medium-font-size">1969 route royale</p>



<p class="has-text-align-center has-nv-site-bg-color has-text-color has-large-font-size">FACPLUS</p>



<p class="has-text-align-center has-medium-font-size">73190 Challes les eaux</p>



<p class="has-text-align-center has-nv-site-bg-color has-text-color has-medium-font-size">Ouverture au public</p>



<p class="has-text-align-center has-medium-font-size">Lundi au vendredi : 9:00 &#8211; 12:00 et 14:00 &#8211; 18:00</p>



<p class="has-text-align-center has-medium-font-size">Lundi matin, vendredi am, samedi matin sur RDV</p>
</div>



<div class="wp-block-column ticss-ef63ceff is-layout-flow wp-block-column-is-layout-flow"><nav class="has-text-color has-nv-site-bg-color has-medium-font-size items-justified-center is-vertical wp-block-navigation is-content-justification-center is-layout-flex wp-container-core-navigation-is-layout-9a7cdcfd wp-block-navigation-is-layout-flex" aria-label="web-agency-gb-main-menu"><ul class="wp-block-navigation__container has-text-color has-nv-site-bg-color has-medium-font-size items-justified-center is-vertical wp-block-navigation has-medium-font-size"><li class="has-medium-font-size wp-block-navigation-item menu-item menu-item-type-post_type menu-item-object-page menu-item-home ticss-a9e52769 wp-block-navigation-link"><a class="wp-block-navigation-item__content"  href="http://www.pc73.net/wpfacplus/" title=""><span class="wp-block-navigation-item__label">Accueil</span></a></li><li class="has-medium-font-size wp-block-navigation-item menu-item menu-item-type-post_type wp-block-navigation-link"><a class="wp-block-navigation-item__content"  href="http://www.pc73.net/wpfacplus/historique/" title=""><span class="wp-block-navigation-item__label">A propos de nous</span></a></li><li class="has-medium-font-size wp-block-navigation-item wp-block-navigation-link"><a class="wp-block-navigation-item__content"  href="https://goo.gl/maps/g7nTJkBkCCo" target="_blank"   title=""><span class="wp-block-navigation-item__label">Nous situer</span><span class="wp-block-navigation-item__description">Situation géographique FACPLUS</span></a></li><li class="has-medium-font-size wp-block-navigation-item  menu-item menu-item-type-post_type menu-item-object-page wp-block-navigation-link"><a class="wp-block-navigation-item__content"  href="http://www.pc73.net/wpfacplus/contact/" title=""><span class="wp-block-navigation-item__label">Contactez nous</span></a></li><li class="wp-block-navigation-item"><div class="is-default-size is-style-default wp-block-site-logo"><a href="http://www.pc73.net/wpfacplus/" class="custom-logo-link" rel="home"><img loading="lazy" decoding="async" width="367" height="376" src="http://www.pc73.net/wpfacplus/wp-content/uploads/2023/09/logo-fac1-min.png" class="custom-logo" alt="FacPlus" srcset="http://www.pc73.net/wpfacplus/wp-content/uploads/2023/09/logo-fac1-min.png 367w, http://www.pc73.net/wpfacplus/wp-content/uploads/2023/09/logo-fac1-min-293x300.png 293w" sizes="auto, (max-width: 367px) 100vw, 367px" /></a></div></li></ul></nav></div>



<div class="wp-block-column is-layout-flow wp-block-column-is-layout-flow">
<p class="has-text-align-center has-medium-font-size">Suivez-nous</p>



<div class="wp-block-group is-vertical is-content-justification-center is-layout-flex wp-container-core-group-is-layout-bdd043ae wp-block-group-is-layout-flex">
<p class="has-medium-font-size"><a href="https://www.facebook.com/FACPLUS.FR/" target="_blank" rel="noreferrer noopener">Facebook</a></p>



<p class="has-medium-font-size"><a href="https://www.linkedin.com/in/fac-plus/" target="_blank" rel="noreferrer noopener">Linkedin</a></p>



<p></p>
</div>



<div style="height:24px" aria-hidden="true" class="wp-block-spacer"></div>
</div>
</div>



<div class="wp-block-group alignwide is-content-justification-center is-layout-flex wp-container-core-group-is-layout-5590e8cb wp-block-group-is-layout-flex">
<p class="has-text-align-center has-small-font-size"> Développé par <mark style="background-color:rgba(0, 0, 0, 0)" class="has-inline-color has-nv-site-bg-color">FACPLUS</mark></p>
</div>
</div></div>

<p>Le suivi pédagogique ? La formation se termine par votre certification et ensuite&#8230; 1969 route royale FACPLUS 73190 Challes les eaux Ouverture au public Lundi au vendredi : 9:00 &#8211; 12:00 et 14:00 &#8211; 18:00 Lundi matin, vendredi am, samedi matin sur RDV Suivez-nous Facebook Linkedin Développé par FACPLUS</p>
